CRAN Package Check Results for Package RcppArmadillo

Last updated on 2025-02-16 10:50:56 CET.

Flavor Version Tinstall Tcheck Ttotal Status Flags
r-devel-linux-x86_64-debian-clang 14.2.3-1 33.09 187.40 220.49 OK
r-devel-linux-x86_64-debian-gcc 14.2.3-1 22.01 137.23 159.24 OK
r-devel-linux-x86_64-fedora-clang 14.2.3-1 414.16 OK
r-devel-linux-x86_64-fedora-gcc 14.2.3-1 439.10 OK
r-devel-macos-arm64 14.2.3-1 118.00 OK
r-devel-macos-x86_64 14.2.3-1 337.00 OK
r-devel-windows-x86_64 14.2.3-1 61.00 311.00 372.00 OK
r-patched-linux-x86_64 14.2.3-1 33.01 179.32 212.33 OK
r-release-linux-x86_64 14.2.3-1 29.32 184.48 213.80 OK
r-release-macos-arm64 14.2.3-1 117.00 NOTE
r-release-macos-x86_64 14.2.3-1 351.00 NOTE
r-release-windows-x86_64 14.2.3-1 60.00 289.00 349.00 NOTE
r-oldrel-macos-arm64 14.2.2-1 122.00 NOTE
r-oldrel-macos-x86_64 14.2.3-1 326.00 NOTE
r-oldrel-windows-x86_64 14.2.3-1 63.00 135.00 198.00 ERROR

Check Details

Version: 14.2.3-1
Check: installed package size
Result: NOTE installed size is 9.6Mb sub-directories of 1Mb or more: include 6.6Mb libs 2.2Mb Flavors: r-release-macos-arm64, r-release-macos-x86_64, r-release-windows-x86_64, r-oldrel-macos-x86_64, r-oldrel-windows-x86_64

Version: 14.2.2-1
Check: installed package size
Result: NOTE installed size is 9.6Mb sub-directories of 1Mb or more: include 6.6Mb libs 2.2Mb Flavor: r-oldrel-macos-arm64

Version: 14.2.3-1
Check: tests
Result: ERROR Running 'tinytest.R' [21s] Running the tests in 'tests/tinytest.R' failed. Complete output: > > if (requireNamespace("tinytest", quietly=TRUE)) { + tinytest::test_package("RcppArmadillo") + } test_Rlapack.R................ 0 tests test_Rlapack.R................ 0 tests using C++ compiler: 'g++.exe (GCC) 12.3.0' make[1]: Entering directory '/d/temp/2025_02_14_01_50_00_25053/RtmpmcZmiv/sourceCpp-x86_64-w64-mingw32-1.0.14/sourcecpp_1185445a45b0d' g++ -std=gnu++17 -I"D:/RCompile/recent/R-4.3.3/include" -DNDEBUG -I../inst/include -fopenmp -I"D:/RCompile/CRANpkg/lib/4.3/Rcpp/include" -I"D:/RCompile/CRANpkg/lib/4.3/RcppArmadillo/include" -I"D:/RCompile/CRANpkg/lib/4.3/RcppArmadillo/tinytest/cpp" -I"d:/rtools43/x86_64-w64-mingw32.static.posix/include" -pedantic -O2 -Wall -mfpmath=sse -msse2 -mstackrealign -c Rlapack.cpp -o Rlapack.o g++ -std=gnu++17 -shared -s -static-libgcc -o sourceCpp_2.dll tmp.def Rlapack.o -fopenmp -LD:/RCompile/recent/R-4.3.3/bin/x64 -lRlapack -LD:/RCompile/recent/R-4.3.3/bin/x64 -lRblas -lgfortran -lm -lquadmath -Ld:/rtools43/x86_64-w64-mingw32.static.posix/lib/x64 -Ld:/rtools43/x86_64-w64-mingw32.static.posix/lib -LD:/RCompile/recent/R-4.3.3/bin/x64 -lR D:\rtools43\x86_64-w64-mingw32.static.posix\bin/ld.exe: Rlapack.o:Rlapack.cpp:(.text$_ZN4arma6auxlib15solve_sym_rcondINS_3MatISt7complexIdEEEEEbRNS2_IS3_INT_8pod_typeEEEERS7_SA_RKNS_4BaseIS8_S6_EE[_ZN4arma6auxlib15solve_sym_rcondINS_3MatISt7complexIdEEEEEbRNS2_IS3_INT_8pod_typeEEEERS7_SA_RKNS_4BaseIS8_S6_EE]+0x238): undefined reference to `zhetrf_' D:\rtools43\x86_64-w64-mingw32.static.posix\bin/ld.exe: Rlapack.o:Rlapack.cpp:(.text$_ZN4arma6auxlib15solve_sym_rcondINS_3MatISt7complexIdEEEEEbRNS2_IS3_INT_8pod_typeEEEERS7_SA_RKNS_4BaseIS8_S6_EE[_ZN4arma6auxlib15solve_sym_rcondINS_3MatISt7complexIdEEEEEbRNS2_IS3_INT_8pod_typeEEEERS7_SA_RKNS_4BaseIS8_S6_EE]+0x28b): undefined reference to `zhetrs_' D:\rtools43\x86_64-w64-mingw32.static.posix\bin/ld.exe: Rlapack.o:Rlapack.cpp:(.text$_ZN4arma6auxlib15solve_sym_rcondINS_3MatISt7complexIdEEEEEbRNS2_IS3_INT_8pod_typeEEEERS7_SA_RKNS_4BaseIS8_S6_EE[_ZN4arma6auxlib15solve_sym_rcondINS_3MatISt7complexIdEEEEEbRNS2_IS3_INT_8pod_typeEEEERS7_SA_RKNS_4BaseIS8_S6_EE]+0x2e5): undefined reference to `zhecon_' D:\rtools43\x86_64-w64-mingw32.static.posix\bin/ld.exe: Rlapack.o:Rlapack.cpp:(.text$_ZN4arma6auxlib15solve_sym_rcondINS_3MatISt7complexIdEEEEEbRNS2_IS3_INT_8pod_typeEEEERS7_SA_RKNS_4BaseIS8_S6_EE[_ZN4arma6auxlib15solve_sym_rcondINS_3MatISt7complexIdEEEEEbRNS2_IS3_INT_8pod_typeEEEERS7_SA_RKNS_4BaseIS8_S6_EE]+0x3d0): undefined reference to `zhetrf_' collect2.exe: error: ld returned 1 exit status make[1]: Leaving directory '/d/temp/2025_02_14_01_50_00_25053/RtmpmcZmiv/sourceCpp-x86_64-w64-mingw32-1.0.14/sourcecpp_1185445a45b0d' make[1]: Entering directory '/d/temp/2025_02_14_01_50_00_25053/RtmpmcZmiv/sourceCpp-x86_64-w64-mingw32-1.0.14/sourcecpp_1185445a45b0d' make[1]: Leaving directory '/d/temp/2025_02_14_01_50_00_25053/RtmpmcZmiv/sourceCpp-x86_64-w64-mingw32-1.0.14/sourcecpp_1185445a45b0d' Error in Rcpp::sourceCpp("cpp/Rlapack.cpp") : Error occurred building shared library. Calls: <Anonymous> ... run_test_dir -> lapply -> FUN -> eval -> eval -> <Anonymous> Execution halted Flavor: r-oldrel-windows-x86_64

These binaries (installable software) and packages are in development.
They may not be fully stable and should be used with caution. We make no claims about them.