Last updated on 2025-05-01 08:52:43 CEST.
Flavor | Version | Tinstall | Tcheck | Ttotal | Status | Flags |
---|---|---|---|---|---|---|
r-devel-linux-x86_64-debian-clang | 0.2.7 | 67.45 | 69.84 | 137.29 | OK | |
r-devel-linux-x86_64-debian-gcc | 0.2.7 | 54.66 | 45.47 | 100.13 | OK | |
r-devel-linux-x86_64-fedora-clang | 0.2.7 | 235.81 | OK | |||
r-devel-linux-x86_64-fedora-gcc | 0.2.7 | 251.52 | OK | |||
r-devel-windows-x86_64 | 0.2.7 | 81.00 | 121.00 | 202.00 | OK | |
r-patched-linux-x86_64 | 0.2.7 | 74.32 | 65.32 | 139.64 | OK | |
r-release-linux-x86_64 | OK | |||||
r-release-macos-arm64 | 0.2.7 | 58.00 | OK | |||
r-release-macos-x86_64 | 0.2.7 | 80.00 | OK | |||
r-release-windows-x86_64 | 0.2.7 | 83.00 | 124.00 | 207.00 | OK | |
r-oldrel-macos-arm64 | 0.2.7 | 68.00 | NOTE | |||
r-oldrel-macos-x86_64 | 0.2.7 | 105.00 | NOTE | |||
r-oldrel-windows-x86_64 | 0.2.7 | 82.00 | 162.00 | 244.00 | OK |
Version: 0.2.7
Check: installed package size
Result: NOTE
installed size is 9.6Mb
sub-directories of 1Mb or more:
libs 9.4Mb
Flavors: r-oldrel-macos-arm64, r-oldrel-macos-x86_64
These binaries (installable software) and packages are in development.
They may not be fully stable and should be used with caution. We make no claims about them.