Last updated on 2025-05-01 08:52:43 CEST.
Flavor | Version | Tinstall | Tcheck | Ttotal | Status | Flags |
---|---|---|---|---|---|---|
r-devel-linux-x86_64-debian-clang | 1.0.1 | 77.48 | 143.30 | 220.78 | OK | |
r-devel-linux-x86_64-debian-gcc | 1.0.1 | 51.22 | 98.35 | 149.57 | OK | |
r-devel-linux-x86_64-fedora-clang | 1.0.1 | 361.46 | OK | |||
r-devel-linux-x86_64-fedora-gcc | 1.0.1 | 361.14 | OK | |||
r-devel-windows-x86_64 | 1.0.1 | 125.00 | 198.00 | 323.00 | OK | |
r-patched-linux-x86_64 | 1.0.1 | 75.01 | 133.14 | 208.15 | OK | |
r-release-linux-x86_64 | OK | |||||
r-release-macos-arm64 | 1.0.1 | 83.00 | OK | |||
r-release-macos-x86_64 | 1.0.1 | 194.00 | OK | |||
r-release-windows-x86_64 | 1.0.1 | 128.00 | 210.00 | 338.00 | OK | |
r-oldrel-macos-arm64 | 1.0.1 | 79.00 | NOTE | |||
r-oldrel-macos-x86_64 | 1.0.1 | 123.00 | NOTE | |||
r-oldrel-windows-x86_64 | 1.0.1 | 143.00 | 228.00 | 371.00 | NOTE |
Version: 1.0.1
Check: installed package size
Result: NOTE
installed size is 39.7Mb
sub-directories of 1Mb or more:
include 37.8Mb
libs 1.8Mb
Flavors: r-oldrel-macos-arm64, r-oldrel-macos-x86_64, r-oldrel-windows-x86_64
These binaries (installable software) and packages are in development.
They may not be fully stable and should be used with caution. We make no claims about them.