Last updated on 2025-02-16 12:53:49 CET.
Flavor | Version | Tinstall | Tcheck | Ttotal | Status | Flags |
---|---|---|---|---|---|---|
r-devel-linux-x86_64-debian-clang | 6.0.1 | 9.71 | 28.24 | 37.95 | OK | |
r-devel-linux-x86_64-debian-gcc | 6.0.1 | 6.94 | 22.10 | 29.04 | OK | |
r-devel-linux-x86_64-fedora-clang | 6.0.1 | 72.80 | NOTE | |||
r-devel-linux-x86_64-fedora-gcc | 6.0.1 | 83.52 | NOTE | |||
r-devel-macos-arm64 | 6.0.1 | 45.00 | OK | |||
r-devel-macos-x86_64 | 6.0.1 | 65.00 | OK | |||
r-devel-windows-x86_64 | 6.0.1 | 40.00 | 51.00 | 91.00 | OK | |
r-patched-linux-x86_64 | 6.0.1 | 8.65 | 26.60 | 35.25 | OK | |
r-release-linux-x86_64 | 6.0.1 | 9.87 | 27.14 | 37.01 | OK | |
r-release-macos-arm64 | 6.0.1 | 45.00 | NOTE | |||
r-release-macos-x86_64 | 6.0.1 | 138.00 | NOTE | |||
r-release-windows-x86_64 | 6.0.1 | 42.00 | 59.00 | 101.00 | NOTE | |
r-oldrel-macos-arm64 | 6.0.1 | 46.00 | NOTE | |||
r-oldrel-macos-x86_64 | 6.0.1 | 70.00 | NOTE | |||
r-oldrel-windows-x86_64 | 6.0.1 | 49.00 | 55.00 | 104.00 | NOTE |
Version: 6.0.1
Check: dependencies in R code
Result: NOTE
Namespaces in Imports field not imported from:
‘knitr’ ‘rmarkdown’
All declared Imports should be used.
Flavors: r-devel-linux-x86_64-fedora-clang, r-devel-linux-x86_64-fedora-gcc
Version: 6.0.1
Check: installed package size
Result: NOTE
installed size is 46.6Mb
sub-directories of 1Mb or more:
include 46.5Mb
Flavors: r-release-macos-arm64, r-release-macos-x86_64, r-release-windows-x86_64, r-oldrel-macos-arm64, r-oldrel-macos-x86_64, r-oldrel-windows-x86_64
These binaries (installable software) and packages are in development.
They may not be fully stable and should be used with caution. We make no claims about them.