Last updated on 2024-07-27 15:50:30 CEST.
Flavor | Version | Tinstall | Tcheck | Ttotal | Status | Flags |
---|---|---|---|---|---|---|
r-devel-linux-x86_64-debian-clang | 0.6.4 | 55.35 | 64.68 | 120.03 | NOTE | |
r-devel-linux-x86_64-debian-gcc | 0.6.4 | NOTE | ||||
r-devel-linux-x86_64-fedora-clang | 0.6.4 | 194.56 | NOTE | |||
r-devel-linux-x86_64-fedora-gcc | 0.6.4 | 209.29 | NOTE | |||
r-devel-windows-x86_64 | 0.6.4 | 138.00 | 121.00 | 259.00 | NOTE | |
r-patched-linux-x86_64 | 0.6.4 | NOTE | ||||
r-release-linux-x86_64 | 0.6.4 | 52.16 | 62.86 | 115.02 | NOTE | |
r-release-macos-arm64 | 0.6.4 | 56.00 | NOTE | |||
r-release-macos-x86_64 | 0.6.4 | 77.00 | NOTE | |||
r-release-windows-x86_64 | 0.6.4 | 138.00 | 118.00 | 256.00 | NOTE | |
r-oldrel-macos-arm64 | 0.6.4 | 60.00 | NOTE | |||
r-oldrel-macos-x86_64 | 0.6.4 | 117.00 | NOTE | |||
r-oldrel-windows-x86_64 | 0.6.4 | 118.00 | 136.00 | 254.00 | NOTE |
Version: 0.6.4
Check: for GNU extensions in Makefiles
Result: NOTE
GNU make is a SystemRequirements.
Flavors: r-devel-linux-x86_64-debian-clang, r-devel-linux-x86_64-debian-gcc, r-devel-linux-x86_64-fedora-clang, r-devel-linux-x86_64-fedora-gcc, r-devel-windows-x86_64, r-patched-linux-x86_64, r-release-linux-x86_64, r-release-macos-arm64, r-release-macos-x86_64, r-release-windows-x86_64, r-oldrel-macos-arm64, r-oldrel-macos-x86_64, r-oldrel-windows-x86_64
Version: 0.6.4
Check: installed package size
Result: NOTE
installed size is 5.1Mb
sub-directories of 1Mb or more:
libs 3.8Mb
Flavors: r-devel-windows-x86_64, r-release-macos-arm64, r-release-macos-x86_64, r-release-windows-x86_64, r-oldrel-macos-arm64, r-oldrel-macos-x86_64, r-oldrel-windows-x86_64
These binaries (installable software) and packages are in development.
They may not be fully stable and should be used with caution. We make no claims about them.