CRAN Package Check Results for Package RcppCensSpatial

Last updated on 2025-05-01 08:52:43 CEST.

Flavor Version Tinstall Tcheck Ttotal Status Flags
r-devel-linux-x86_64-debian-clang 0.3.0 53.99 119.50 173.49 NOTE
r-devel-linux-x86_64-debian-gcc 0.3.0 42.20 85.66 127.86 NOTE
r-devel-linux-x86_64-fedora-clang 0.3.0 264.49 NOTE
r-devel-linux-x86_64-fedora-gcc 0.3.0 279.82 NOTE
r-devel-windows-x86_64 0.3.0 63.00 165.00 228.00 NOTE
r-patched-linux-x86_64 0.3.0 57.87 108.83 166.70 NOTE
r-release-linux-x86_64 NOTE
r-release-macos-arm64 0.3.0 73.00 NOTE
r-release-macos-x86_64 0.3.0 144.00 NOTE
r-release-windows-x86_64 0.3.0 62.00 166.00 228.00 NOTE
r-oldrel-macos-arm64 0.3.0 71.00 NOTE
r-oldrel-macos-x86_64 0.3.0 122.00 NOTE
r-oldrel-windows-x86_64 0.3.0 75.00 184.00 259.00 NOTE

Check Details

Version: 0.3.0
Check: C++ specification
Result: NOTE Specified C++11: please drop specification unless essential Flavors: r-devel-linux-x86_64-debian-clang, r-devel-linux-x86_64-debian-gcc, r-devel-linux-x86_64-fedora-clang, r-devel-linux-x86_64-fedora-gcc, r-devel-windows-x86_64, r-patched-linux-x86_64, r-release-linux-x86_64, r-release-macos-arm64, r-release-macos-x86_64, r-release-windows-x86_64, r-oldrel-macos-arm64, r-oldrel-macos-x86_64, r-oldrel-windows-x86_64

Version: 0.3.0
Check: package subdirectories
Result: NOTE Problems with news in ‘NEWS.md’: No news entries found. Flavors: r-devel-linux-x86_64-debian-clang, r-devel-linux-x86_64-debian-gcc, r-devel-linux-x86_64-fedora-clang, r-devel-linux-x86_64-fedora-gcc, r-devel-windows-x86_64, r-patched-linux-x86_64, r-release-linux-x86_64, r-release-macos-arm64, r-release-macos-x86_64, r-release-windows-x86_64, r-oldrel-macos-arm64, r-oldrel-macos-x86_64, r-oldrel-windows-x86_64

Version: 0.3.0
Check: installed package size
Result: NOTE installed size is 7.7Mb sub-directories of 1Mb or more: libs 7.5Mb Flavors: r-oldrel-macos-arm64, r-oldrel-macos-x86_64

These binaries (installable software) and packages are in development.
They may not be fully stable and should be used with caution. We make no claims about them.