Last updated on 2025-10-03 11:50:57 CEST.
Flavor | Version | Tinstall | Tcheck | Ttotal | Status | Flags |
---|---|---|---|---|---|---|
r-devel-linux-x86_64-debian-clang | 0.9.13 | 48.68 | 27.96 | 76.64 | NOTE | |
r-devel-linux-x86_64-debian-gcc | 0.9.13 | 25.99 | 22.89 | 48.88 | NOTE | |
r-devel-linux-x86_64-fedora-clang | 0.9.13 | 146.17 | OK | |||
r-devel-linux-x86_64-fedora-gcc | 0.9.13 | 124.47 | OK | |||
r-devel-windows-x86_64 | 0.9.13 | 56.00 | 119.00 | 175.00 | OK | |
r-patched-linux-x86_64 | 0.9.13 | 40.69 | 26.42 | 67.11 | OK | |
r-release-linux-x86_64 | 0.9.13 | 41.01 | 26.15 | 67.16 | OK | |
r-release-macos-arm64 | 0.9.13 | 71.00 | OK | |||
r-release-macos-x86_64 | 0.9.13 | 106.00 | OK | |||
r-release-windows-x86_64 | 0.9.13 | 54.00 | 112.00 | 166.00 | OK | |
r-oldrel-macos-arm64 | 0.9.13 | 60.00 | OK | |||
r-oldrel-macos-x86_64 | 0.9.13 | 92.00 | OK | |||
r-oldrel-windows-x86_64 | 0.9.13 | 62.00 | 135.00 | 197.00 | OK |
Version: 0.9.13
Check: CRAN incoming feasibility
Result: NOTE
Maintainer: ‘Dirk Eddelbuettel <edd@debian.org>’
No Authors@R field in DESCRIPTION.
Please add one, modifying
Authors@R: c(person(given = "Dirk",
family = "Eddelbuettel",
role = c("aut", "cre"),
email = "edd@debian.org"),
person(given = "Romain",
family = "Francois",
role = "aut"),
person(given = c("with", "contributions", "by", "David"),
family = "Reiss",
role = "aut"),
person(given = c("and", "based", "on", "code", "written", "during"),
family = "2005",
role = "aut"),
person(given = c("2006", "by", "Dominick"),
family = "Samperi",
role = "aut"))
as necessary.
Flavors: r-devel-linux-x86_64-debian-clang, r-devel-linux-x86_64-debian-gcc
These binaries (installable software) and packages are in development.
They may not be fully stable and should be used with caution. We make no claims about them.