Last updated on 2025-10-30 13:48:47 CET.
| Flavor | Version | Tinstall | Tcheck | Ttotal | Status | Flags | 
|---|---|---|---|---|---|---|
| r-devel-linux-x86_64-debian-clang | 1.1.0 | 24.68 | 43.57 | 68.25 | OK | |
| r-devel-linux-x86_64-debian-gcc | 1.1.0 | 15.13 | 32.29 | 47.42 | OK | |
| r-devel-linux-x86_64-fedora-clang | 1.1.0 | 42.00 | 71.13 | 113.13 | OK | |
| r-devel-linux-x86_64-fedora-gcc | 1.1.0 | 35.00 | 67.45 | 102.45 | OK | |
| r-devel-windows-x86_64 | 1.1.0 | 33.00 | 81.00 | 114.00 | OK | |
| r-patched-linux-x86_64 | 1.1.0 | 21.35 | 42.18 | 63.53 | OK | |
| r-release-linux-x86_64 | 1.1.0 | 21.59 | 41.31 | 62.90 | OK | |
| r-release-macos-arm64 | 1.1.0 | 12.00 | 23.00 | 35.00 | OK | |
| r-release-macos-x86_64 | 1.1.0 | 15.00 | 43.00 | 58.00 | OK | |
| r-release-windows-x86_64 | 1.1.0 | 38.00 | 100.00 | 138.00 | OK | |
| r-oldrel-macos-arm64 | 1.1.0 | 11.00 | 27.00 | 38.00 | NOTE | |
| r-oldrel-macos-x86_64 | 1.1.0 | 20.00 | 58.00 | 78.00 | NOTE | |
| r-oldrel-windows-x86_64 | 1.1.0 | 41.00 | 95.00 | 136.00 | NOTE | 
Version: 1.1.0
Check: installed package size
Result: NOTE
    installed size is  6.6Mb
    sub-directories of 1Mb or more:
      include   4.3Mb
      libs      2.2Mb
Flavors: r-oldrel-macos-arm64, r-oldrel-macos-x86_64, r-oldrel-windows-x86_64
These binaries (installable software) and packages are in development.
They may not be fully stable and should be used with caution. We make no claims about them.