Last updated on 2025-05-01 08:52:43 CEST.
Flavor | Version | Tinstall | Tcheck | Ttotal | Status | Flags |
---|---|---|---|---|---|---|
r-devel-linux-x86_64-debian-clang | 0.0.3 | 11.23 | 23.13 | 34.36 | NOTE | |
r-devel-linux-x86_64-debian-gcc | 0.0.3 | 7.95 | 19.03 | 26.98 | NOTE | |
r-devel-linux-x86_64-fedora-clang | 0.0.3 | 55.81 | OK | |||
r-devel-linux-x86_64-fedora-gcc | 0.0.3 | 52.22 | OK | |||
r-devel-windows-x86_64 | 0.0.3 | 14.00 | 66.00 | 80.00 | OK | |
r-patched-linux-x86_64 | 0.0.3 | 10.86 | 20.99 | 31.85 | OK | |
r-release-linux-x86_64 | OK | |||||
r-release-macos-arm64 | 0.0.3 | 24.00 | OK | |||
r-release-macos-x86_64 | 0.0.3 | 43.00 | OK | |||
r-release-windows-x86_64 | 0.0.3 | 13.00 | 70.00 | 83.00 | OK | |
r-oldrel-macos-arm64 | 0.0.3 | 22.00 | OK | |||
r-oldrel-macos-x86_64 | 0.0.3 | 34.00 | OK | |||
r-oldrel-windows-x86_64 | 0.0.3 | 14.00 | 68.00 | 82.00 | OK |
Version: 0.0.3
Check: CRAN incoming feasibility
Result: NOTE
Maintainer: ‘Dirk Eddelbuettel <edd@debian.org>’
No Authors@R field in DESCRIPTION.
Please add one, modifying
Authors@R: person(given = "Dirk",
family = "Eddelbuettel",
role = c("aut", "cre"),
email = "edd@debian.org")
as necessary.
Flavors: r-devel-linux-x86_64-debian-clang, r-devel-linux-x86_64-debian-gcc
These binaries (installable software) and packages are in development.
They may not be fully stable and should be used with caution. We make no claims about them.