CRAN Package Check Results for Package RcppFastAD

Last updated on 2025-07-21 19:49:53 CEST.

Flavor Version Tinstall Tcheck Ttotal Status Flags
r-devel-linux-x86_64-debian-clang 0.0.4 36.93 24.77 61.70 OK
r-devel-linux-x86_64-debian-gcc 0.0.4 28.98 21.84 50.82 OK
r-devel-linux-x86_64-fedora-clang 0.0.4 105.53 OK
r-devel-linux-x86_64-fedora-gcc 0.0.4 103.94 OK
r-devel-windows-x86_64 0.0.4 44.00 68.00 112.00 OK
r-patched-linux-x86_64 0.0.4 41.54 24.34 65.88 OK
r-release-linux-x86_64 0.0.4 38.08 24.08 62.16 OK
r-release-macos-arm64 0.0.4 32.00 OK
r-release-macos-x86_64 0.0.4 60.00 OK
r-release-windows-x86_64 0.0.4 43.00 70.00 113.00 OK
r-oldrel-macos-arm64 0.0.4 31.00 NOTE
r-oldrel-macos-x86_64 0.0.4 48.00 NOTE
r-oldrel-windows-x86_64 0.0.4 51.00 151.00 202.00 OK

Check Details

Version: 0.0.4
Check: installed package size
Result: NOTE installed size is 8.5Mb sub-directories of 1Mb or more: libs 8.1Mb Flavors: r-oldrel-macos-arm64, r-oldrel-macos-x86_64

These binaries (installable software) and packages are in development.
They may not be fully stable and should be used with caution. We make no claims about them.