CRAN Package Check Results for Package RcppGreedySetCover

Last updated on 2025-02-16 12:53:49 CET.

Flavor Version Tinstall Tcheck Ttotal Status Flags
r-devel-linux-x86_64-debian-clang 0.1.0 13.28 24.34 37.62 NOTE
r-devel-linux-x86_64-debian-gcc 0.1.0 8.99 18.96 27.95 NOTE
r-devel-linux-x86_64-fedora-clang 0.1.0 64.93 NOTE
r-devel-linux-x86_64-fedora-gcc 0.1.0 60.37 NOTE
r-devel-macos-arm64 0.1.0 20.00 NOTE
r-devel-macos-x86_64 0.1.0 40.00 NOTE
r-devel-windows-x86_64 0.1.0 14.00 108.00 122.00 NOTE
r-patched-linux-x86_64 0.1.0 12.85 22.67 35.52 NOTE
r-release-linux-x86_64 0.1.0 12.26 22.74 35.00 NOTE
r-release-macos-arm64 0.1.0 20.00 NOTE
r-release-macos-x86_64 0.1.0 37.00 NOTE
r-release-windows-x86_64 0.1.0 15.00 91.00 106.00 NOTE
r-oldrel-macos-arm64 0.1.0 22.00 NOTE
r-oldrel-macos-x86_64 0.1.0 32.00 NOTE
r-oldrel-windows-x86_64 0.1.0 14.00 105.00 119.00 NOTE

Check Details

Version: 0.1.0
Check: C++ specification
Result: NOTE Specified C++11: please drop specification unless essential Flavors: r-devel-linux-x86_64-debian-clang, r-devel-linux-x86_64-debian-gcc, r-devel-linux-x86_64-fedora-clang, r-devel-linux-x86_64-fedora-gcc, r-devel-macos-arm64, r-devel-macos-x86_64, r-devel-windows-x86_64, r-patched-linux-x86_64, r-release-linux-x86_64, r-release-macos-arm64, r-release-macos-x86_64, r-release-windows-x86_64, r-oldrel-macos-arm64, r-oldrel-macos-x86_64, r-oldrel-windows-x86_64

Version: 0.1.0
Check: LazyData
Result: NOTE 'LazyData' is specified without a 'data' directory Flavors: r-patched-linux-x86_64, r-release-linux-x86_64, r-release-macos-arm64, r-release-macos-x86_64, r-release-windows-x86_64, r-oldrel-macos-arm64, r-oldrel-macos-x86_64, r-oldrel-windows-x86_64

These binaries (installable software) and packages are in development.
They may not be fully stable and should be used with caution. We make no claims about them.