Last updated on 2025-11-11 15:50:44 CET.
| Flavor | Version | Tinstall | Tcheck | Ttotal | Status | Flags |
|---|---|---|---|---|---|---|
| r-devel-linux-x86_64-debian-clang | 1.2.2.1 | 64.27 | 28.32 | 92.59 | OK | |
| r-devel-linux-x86_64-debian-gcc | 1.2.2.1 | 46.25 | 22.60 | 68.85 | OK | |
| r-devel-linux-x86_64-fedora-clang | 1.2.2.1 | 92.00 | 83.48 | 175.48 | OK | |
| r-devel-linux-x86_64-fedora-gcc | 1.2.2.1 | 59.00 | 105.78 | 164.78 | OK | |
| r-devel-windows-x86_64 | 1.2.2.1 | 91.00 | 80.00 | 171.00 | OK | |
| r-patched-linux-x86_64 | 1.2.2.1 | 70.41 | 27.02 | 97.43 | OK | |
| r-release-linux-x86_64 | 1.2.2.1 | 65.63 | 27.12 | 92.75 | OK | |
| r-release-macos-arm64 | 1.2.2.1 | 26.00 | 18.00 | 44.00 | OK | |
| r-release-macos-x86_64 | 1.2.2.1 | 37.00 | 32.00 | 69.00 | OK | |
| r-release-windows-x86_64 | 1.2.2.1 | 73.00 | 87.00 | 160.00 | OK | |
| r-oldrel-macos-arm64 | 1.2.2.1 | 24.00 | 22.00 | 46.00 | NOTE | |
| r-oldrel-macos-x86_64 | 1.2.2.1 | 24.00 | 41.00 | 65.00 | OK | |
| r-oldrel-windows-x86_64 | 1.2.2.1 | 89.00 | 123.00 | 212.00 | OK |
Version: 1.2.2.1
Check: installed package size
Result: NOTE
installed size is 5.5Mb
sub-directories of 1Mb or more:
libs 5.4Mb
Flavor: r-oldrel-macos-arm64
These binaries (installable software) and packages are in development.
They may not be fully stable and should be used with caution. We make no claims about them.