Last updated on 2025-10-03 15:49:59 CEST.
Flavor | Version | Tinstall | Tcheck | Ttotal | Status | Flags |
---|---|---|---|---|---|---|
r-devel-linux-x86_64-debian-clang | 0.6.0 | 24.45 | 43.58 | 68.03 | OK | |
r-devel-linux-x86_64-debian-gcc | 0.6.0 | 21.59 | 31.88 | 53.47 | OK | |
r-devel-linux-x86_64-fedora-clang | 0.6.0 | 116.80 | OK | |||
r-devel-linux-x86_64-fedora-gcc | 0.6.0 | 121.58 | OK | |||
r-devel-windows-x86_64 | 0.6.0 | 30.00 | 87.00 | 117.00 | OK | |
r-patched-linux-x86_64 | 0.6.0 | 27.43 | 41.76 | 69.19 | OK | |
r-release-linux-x86_64 | 0.6.0 | 27.64 | 41.61 | 69.25 | OK | |
r-release-macos-arm64 | 0.6.0 | 36.00 | OK | |||
r-release-macos-x86_64 | 0.6.0 | 69.00 | OK | |||
r-release-windows-x86_64 | 0.6.0 | 36.00 | 119.00 | 155.00 | OK | |
r-oldrel-macos-arm64 | 0.6.0 | 38.00 | NOTE | |||
r-oldrel-macos-x86_64 | 0.6.0 | 52.00 | NOTE | |||
r-oldrel-windows-x86_64 | 0.6.0 | 35.00 | 102.00 | 137.00 | OK |
Version: 0.6.0
Check: installed package size
Result: NOTE
installed size is 6.6Mb
sub-directories of 1Mb or more:
libs 6.4Mb
Flavors: r-oldrel-macos-arm64, r-oldrel-macos-x86_64
These binaries (installable software) and packages are in development.
They may not be fully stable and should be used with caution. We make no claims about them.