Last updated on 2025-05-01 08:52:43 CEST.
Flavor | Version | Tinstall | Tcheck | Ttotal | Status | Flags |
---|---|---|---|---|---|---|
r-devel-linux-x86_64-debian-clang | 0.6.0 | 25.37 | 42.75 | 68.12 | OK | |
r-devel-linux-x86_64-debian-gcc | 0.6.0 | 21.84 | 30.23 | 52.07 | OK | |
r-devel-linux-x86_64-fedora-clang | 0.6.0 | 110.31 | OK | |||
r-devel-linux-x86_64-fedora-gcc | 0.6.0 | 121.54 | OK | |||
r-devel-windows-x86_64 | 0.6.0 | 30.00 | 101.00 | 131.00 | OK | |
r-patched-linux-x86_64 | 0.6.0 | 28.31 | 40.47 | 68.78 | OK | |
r-release-linux-x86_64 | OK | |||||
r-release-macos-arm64 | 0.6.0 | 36.00 | OK | |||
r-release-macos-x86_64 | 0.6.0 | 69.00 | OK | |||
r-release-windows-x86_64 | 0.6.0 | 30.00 | 109.00 | 139.00 | OK | |
r-oldrel-macos-arm64 | 0.6.0 | 38.00 | NOTE | |||
r-oldrel-macos-x86_64 | 0.6.0 | 52.00 | NOTE | |||
r-oldrel-windows-x86_64 | 0.6.0 | 37.00 | 105.00 | 142.00 | OK |
Version: 0.6.0
Check: installed package size
Result: NOTE
installed size is 6.6Mb
sub-directories of 1Mb or more:
libs 6.4Mb
Flavors: r-oldrel-macos-arm64, r-oldrel-macos-x86_64
These binaries (installable software) and packages are in development.
They may not be fully stable and should be used with caution. We make no claims about them.