Last updated on 2024-07-27 15:50:31 CEST.
Flavor | Version | Tinstall | Tcheck | Ttotal | Status | Flags |
---|---|---|---|---|---|---|
r-devel-linux-x86_64-debian-clang | 0.0.2 | 19.01 | 32.33 | 51.34 | OK | |
r-devel-linux-x86_64-debian-gcc | 0.0.2 | OK | ||||
r-devel-linux-x86_64-fedora-clang | 0.0.2 | 78.95 | NOTE | |||
r-devel-linux-x86_64-fedora-gcc | 0.0.2 | 72.98 | NOTE | |||
r-devel-windows-x86_64 | 0.0.2 | 23.00 | 71.00 | 94.00 | OK | |
r-patched-linux-x86_64 | 0.0.2 | OK | ||||
r-release-linux-x86_64 | 0.0.2 | 18.37 | 30.44 | 48.81 | OK | |
r-release-macos-arm64 | 0.0.2 | 21.00 | OK | |||
r-release-macos-x86_64 | 0.0.2 | 34.00 | OK | |||
r-release-windows-x86_64 | 0.0.2 | 26.00 | 89.00 | 115.00 | OK | |
r-oldrel-macos-arm64 | 0.0.2 | 28.00 | OK | |||
r-oldrel-macos-x86_64 | 0.0.2 | 40.00 | OK | |||
r-oldrel-windows-x86_64 | 0.0.2 | 24.00 | 75.00 | 99.00 | OK |
Version: 0.0.2
Check: data for non-ASCII characters
Result: NOTE
Note: found 1 marked UTF-8 string
Flavors: r-devel-linux-x86_64-fedora-clang, r-devel-linux-x86_64-fedora-gcc
These binaries (installable software) and packages are in development.
They may not be fully stable and should be used with caution. We make no claims about them.