Last updated on 2025-05-01 08:52:43 CEST.
Flavor | Version | Tinstall | Tcheck | Ttotal | Status | Flags |
---|---|---|---|---|---|---|
r-devel-linux-x86_64-debian-clang | 0.0.2 | 14.72 | 25.59 | 40.31 | NOTE | |
r-devel-linux-x86_64-debian-gcc | 0.0.2 | 11.13 | 20.52 | 31.65 | NOTE | |
r-devel-linux-x86_64-fedora-clang | 0.0.2 | 66.64 | OK | |||
r-devel-linux-x86_64-fedora-gcc | 0.0.2 | 68.41 | OK | |||
r-devel-windows-x86_64 | 0.0.2 | 22.00 | 78.00 | 100.00 | OK | |
r-patched-linux-x86_64 | 0.0.2 | 16.07 | 24.57 | 40.64 | OK | |
r-release-linux-x86_64 | OK | |||||
r-release-macos-arm64 | 0.0.2 | 23.00 | OK | |||
r-release-macos-x86_64 | 0.0.2 | 37.00 | OK | |||
r-release-windows-x86_64 | 0.0.2 | 24.00 | 83.00 | 107.00 | OK | |
r-oldrel-macos-arm64 | 0.0.2 | 21.00 | OK | |||
r-oldrel-macos-x86_64 | 0.0.2 | 34.00 | OK | |||
r-oldrel-windows-x86_64 | 0.0.2 | 25.00 | 75.00 | 100.00 | OK |
Version: 0.0.2
Check: CRAN incoming feasibility
Result: NOTE
Maintainer: ‘Shusei Eshima <shuseieshima@gmail.com>’
The Description field contains
(2023) <arXiv:2305.19045>. Jagger uses patterns derived from
Please refer to arXiv e-prints via their arXiv DOI <doi:10.48550/arXiv.YYMM.NNNNN>.
Flavors: r-devel-linux-x86_64-debian-clang, r-devel-linux-x86_64-debian-gcc
These binaries (installable software) and packages are in development.
They may not be fully stable and should be used with caution. We make no claims about them.