Last updated on 2025-11-12 19:52:00 CET.
| Flavor | Version | Tinstall | Tcheck | Ttotal | Status | Flags |
|---|---|---|---|---|---|---|
| r-devel-linux-x86_64-debian-clang | 0.3.7 | 38.90 | 66.78 | 105.68 | NOTE | |
| r-devel-linux-x86_64-debian-gcc | 0.3.7 | 29.26 | 50.88 | 80.14 | NOTE | |
| r-devel-linux-x86_64-fedora-clang | 0.3.7 | 67.00 | 95.74 | 162.74 | NOTE | |
| r-devel-linux-x86_64-fedora-gcc | 0.3.7 | 76.00 | 106.40 | 182.40 | NOTE | |
| r-devel-windows-x86_64 | 0.3.7 | 39.00 | 107.00 | 146.00 | NOTE | |
| r-patched-linux-x86_64 | 0.3.7 | 35.44 | 65.24 | 100.68 | NOTE | |
| r-release-linux-x86_64 | 0.3.7 | 37.19 | 64.86 | 102.05 | NOTE | |
| r-release-macos-arm64 | 0.3.7 | 17.00 | 47.00 | 64.00 | NOTE | |
| r-release-macos-x86_64 | 0.3.7 | 29.00 | 70.00 | 99.00 | NOTE | |
| r-release-windows-x86_64 | 0.3.7 | 37.00 | 111.00 | 148.00 | NOTE | |
| r-oldrel-macos-arm64 | 0.3.7 | 16.00 | 37.00 | 53.00 | NOTE | |
| r-oldrel-macos-x86_64 | 0.3.7 | 23.00 | 59.00 | 82.00 | NOTE | |
| r-oldrel-windows-x86_64 | 0.3.7 | 45.00 | 125.00 | 170.00 | NOTE |
Version: 0.3.7
Check: C++ specification
Result: NOTE
Specified C++11: please drop specification unless essential
Flavors: r-devel-linux-x86_64-debian-clang, r-devel-linux-x86_64-debian-gcc, r-devel-linux-x86_64-fedora-clang, r-devel-linux-x86_64-fedora-gcc, r-devel-windows-x86_64, r-patched-linux-x86_64, r-release-linux-x86_64, r-release-macos-arm64, r-release-macos-x86_64, r-release-windows-x86_64, r-oldrel-macos-arm64, r-oldrel-macos-x86_64, r-oldrel-windows-x86_64
Version: 0.3.7
Check: installed package size
Result: NOTE
installed size is 9.3Mb
sub-directories of 1Mb or more:
libs 9.1Mb
Flavors: r-oldrel-macos-arm64, r-oldrel-macos-x86_64
These binaries (installable software) and packages are in development.
They may not be fully stable and should be used with caution. We make no claims about them.