Last updated on 2025-05-01 08:52:43 CEST.
Flavor | Version | Tinstall | Tcheck | Ttotal | Status | Flags |
---|---|---|---|---|---|---|
r-devel-linux-x86_64-debian-clang | 0.3.7 | 36.97 | 64.44 | 101.41 | NOTE | |
r-devel-linux-x86_64-debian-gcc | 0.3.7 | 26.71 | 48.43 | 75.14 | NOTE | |
r-devel-linux-x86_64-fedora-clang | 0.3.7 | 161.35 | NOTE | |||
r-devel-linux-x86_64-fedora-gcc | 0.3.7 | 180.77 | NOTE | |||
r-devel-windows-x86_64 | 0.3.7 | 38.00 | 110.00 | 148.00 | NOTE | |
r-patched-linux-x86_64 | 0.3.7 | 39.95 | 63.12 | 103.07 | NOTE | |
r-release-linux-x86_64 | NOTE | |||||
r-release-macos-arm64 | 0.3.7 | 64.00 | NOTE | |||
r-release-macos-x86_64 | 0.3.7 | 99.00 | NOTE | |||
r-release-windows-x86_64 | 0.3.7 | 40.00 | 116.00 | 156.00 | NOTE | |
r-oldrel-macos-arm64 | 0.3.7 | 53.00 | NOTE | |||
r-oldrel-macos-x86_64 | 0.3.7 | 82.00 | NOTE | |||
r-oldrel-windows-x86_64 | 0.3.7 | 44.00 | 117.00 | 161.00 | NOTE |
Version: 0.3.7
Check: C++ specification
Result: NOTE
Specified C++11: please drop specification unless essential
Flavors: r-devel-linux-x86_64-debian-clang, r-devel-linux-x86_64-debian-gcc, r-devel-linux-x86_64-fedora-clang, r-devel-linux-x86_64-fedora-gcc, r-devel-windows-x86_64, r-patched-linux-x86_64, r-release-linux-x86_64, r-release-macos-arm64, r-release-macos-x86_64, r-release-windows-x86_64, r-oldrel-macos-arm64, r-oldrel-macos-x86_64, r-oldrel-windows-x86_64
Version: 0.3.7
Check: installed package size
Result: NOTE
installed size is 9.3Mb
sub-directories of 1Mb or more:
libs 9.1Mb
Flavors: r-oldrel-macos-arm64, r-oldrel-macos-x86_64
These binaries (installable software) and packages are in development.
They may not be fully stable and should be used with caution. We make no claims about them.