Last updated on 2025-02-16 10:50:56 CET.
Flavor | Version | Tinstall | Tcheck | Ttotal | Status | Flags |
---|---|---|---|---|---|---|
r-devel-linux-x86_64-debian-clang | 0.0.1.2 | 25.30 | 21.82 | 47.12 | NOTE | |
r-devel-linux-x86_64-debian-gcc | 0.0.1.2 | 22.33 | 18.09 | 40.42 | NOTE | |
r-devel-linux-x86_64-fedora-clang | 0.0.1.2 | 85.30 | NOTE | |||
r-devel-linux-x86_64-fedora-gcc | 0.0.1.2 | 95.49 | NOTE | |||
r-devel-macos-arm64 | 18.00 | OK | ||||
r-devel-macos-x86_64 | 0.0.1.2 | 17.00 | ERROR | |||
r-devel-windows-x86_64 | 0.0.1.2 | 40.00 | 123.00 | 163.00 | NOTE | |
r-patched-linux-x86_64 | 0.0.1.2 | 30.90 | 22.02 | 52.92 | NOTE | |
r-release-linux-x86_64 | 0.0.1.2 | 30.40 | 21.65 | 52.05 | NOTE | |
r-release-macos-arm64 | 0.0.1.2 | 23.00 | ERROR | |||
r-release-macos-x86_64 | 0.0.1.2 | 21.00 | ERROR | |||
r-release-windows-x86_64 | 0.0.1.2 | 39.00 | 98.00 | 137.00 | NOTE | |
r-oldrel-macos-arm64 | 0.0.1.2 | 24.00 | ERROR | |||
r-oldrel-macos-x86_64 | 0.0.1.2 | 24.00 | ERROR | |||
r-oldrel-windows-x86_64 | 0.0.1.2 | 39.00 | 101.00 | 140.00 | NOTE |
Version: 0.0.1.2
Check: C++ specification
Result: NOTE
Specified C++11: please drop specification unless essential
Flavors: r-devel-linux-x86_64-debian-clang, r-devel-linux-x86_64-debian-gcc, r-devel-linux-x86_64-fedora-clang, r-devel-linux-x86_64-fedora-gcc, r-devel-windows-x86_64, r-patched-linux-x86_64, r-release-linux-x86_64, r-release-windows-x86_64, r-oldrel-windows-x86_64
Version: 0.0.1.2
Check: whether package can be installed
Result: ERROR
Installation failed.
Flavors: r-devel-macos-x86_64, r-release-macos-arm64, r-release-macos-x86_64, r-oldrel-macos-arm64, r-oldrel-macos-x86_64
Version: 0.0.1.2
Check: LazyData
Result: NOTE
'LazyData' is specified without a 'data' directory
Flavors: r-patched-linux-x86_64, r-release-linux-x86_64, r-release-windows-x86_64, r-oldrel-windows-x86_64
Version: 0.0.1.2
Check: for GNU extensions in Makefiles
Result: NOTE
GNU make is a SystemRequirements.
Flavors: r-patched-linux-x86_64, r-release-linux-x86_64, r-release-windows-x86_64, r-oldrel-windows-x86_64
These binaries (installable software) and packages are in development.
They may not be fully stable and should be used with caution. We make no claims about them.