Last updated on 2024-07-27 15:50:31 CEST.
Flavor | Version | Tinstall | Tcheck | Ttotal | Status | Flags |
---|---|---|---|---|---|---|
r-devel-linux-x86_64-debian-clang | 0.2.3 | 38.17 | 81.72 | 119.89 | NOTE | |
r-devel-linux-x86_64-debian-gcc | 0.2.3 | NOTE | ||||
r-devel-linux-x86_64-fedora-clang | 0.2.3 | 177.16 | NOTE | |||
r-devel-linux-x86_64-fedora-gcc | 0.2.3 | 183.10 | NOTE | |||
r-devel-windows-x86_64 | 0.2.3 | 44.00 | 117.00 | 161.00 | NOTE | |
r-patched-linux-x86_64 | 0.2.3 | NOTE | ||||
r-release-linux-x86_64 | 0.2.3 | 33.15 | 76.92 | 110.07 | NOTE | |
r-release-macos-arm64 | 0.2.3 | 53.00 | NOTE | |||
r-release-macos-x86_64 | 0.2.3 | 123.00 | NOTE | |||
r-release-windows-x86_64 | 0.2.3 | 54.00 | 110.00 | 164.00 | NOTE | |
r-oldrel-macos-arm64 | 0.2.3 | 60.00 | NOTE | |||
r-oldrel-macos-x86_64 | 0.2.3 | 94.00 | NOTE | |||
r-oldrel-windows-x86_64 | 0.2.3 | 42.00 | 120.00 | 162.00 | NOTE |
Version: 0.2.3
Check: C++ specification
Result: NOTE
Specified C++11: please drop specification unless essential
Flavors: r-devel-linux-x86_64-debian-clang, r-devel-linux-x86_64-debian-gcc, r-devel-linux-x86_64-fedora-clang, r-devel-linux-x86_64-fedora-gcc, r-devel-windows-x86_64, r-patched-linux-x86_64, r-release-linux-x86_64, r-release-macos-arm64, r-release-macos-x86_64, r-release-windows-x86_64, r-oldrel-macos-arm64, r-oldrel-macos-x86_64, r-oldrel-windows-x86_64
Version: 0.2.3
Check: installed package size
Result: NOTE
installed size is 7.7Mb
sub-directories of 1Mb or more:
include 7.0Mb
Flavors: r-devel-linux-x86_64-fedora-clang, r-devel-windows-x86_64, r-release-macos-arm64, r-release-macos-x86_64, r-release-windows-x86_64, r-oldrel-macos-arm64, r-oldrel-macos-x86_64, r-oldrel-windows-x86_64
These binaries (installable software) and packages are in development.
They may not be fully stable and should be used with caution. We make no claims about them.