Last updated on 2025-02-16 10:50:56 CET.
Flavor | Version | Tinstall | Tcheck | Ttotal | Status | Flags |
---|---|---|---|---|---|---|
r-devel-linux-x86_64-debian-clang | 0.6-0 | 29.88 | 107.01 | 136.89 | OK | |
r-devel-linux-x86_64-debian-gcc | 0.6-0 | 22.47 | 89.43 | 111.90 | OK | |
r-devel-linux-x86_64-fedora-clang | 0.6-0 | 236.91 | OK | |||
r-devel-linux-x86_64-fedora-gcc | 0.6-0 | 296.79 | OK | |||
r-devel-macos-arm64 | 0.6-0 | 65.00 | OK | |||
r-devel-macos-x86_64 | 0.6-0 | 145.00 | OK | |||
r-devel-windows-x86_64 | 0.6-0 | 33.00 | 184.00 | 217.00 | OK | |
r-patched-linux-x86_64 | 0.6-0 | 33.01 | 113.39 | 146.40 | OK | |
r-release-linux-x86_64 | 0.6-0 | 33.44 | 117.83 | 151.27 | OK | |
r-release-macos-arm64 | 0.6-0 | 65.00 | NOTE | |||
r-release-macos-x86_64 | 0.6-0 | 111.00 | NOTE | |||
r-release-windows-x86_64 | 0.6-0 | 35.00 | 189.00 | 224.00 | OK | |
r-oldrel-macos-arm64 | 0.6-0 | 101.00 | NOTE | |||
r-oldrel-macos-x86_64 | 0.6-0 | 144.00 | NOTE | |||
r-oldrel-windows-x86_64 | 0.6-0 | 44.00 | 207.00 | 251.00 | OK |
Version: 0.6-0
Check: installed package size
Result: NOTE
installed size is 6.6Mb
sub-directories of 1Mb or more:
libs 6.0Mb
Flavors: r-release-macos-arm64, r-release-macos-x86_64, r-oldrel-macos-arm64, r-oldrel-macos-x86_64
These binaries (installable software) and packages are in development.
They may not be fully stable and should be used with caution. We make no claims about them.