Last updated on 2025-05-28 19:53:13 CEST.
Flavor | Version | Tinstall | Tcheck | Ttotal | Status | Flags |
---|---|---|---|---|---|---|
r-devel-linux-x86_64-debian-clang | 5.1.10 | 43.52 | 52.45 | 95.97 | OK | |
r-devel-linux-x86_64-debian-gcc | 5.1.10 | 28.71 | 39.88 | 68.59 | OK | |
r-devel-linux-x86_64-fedora-clang | 5.1.10 | 210.73 | OK | |||
r-devel-linux-x86_64-fedora-gcc | 5.1.10 | 164.18 | OK | |||
r-devel-windows-x86_64 | 5.1.10 | 173.00 | 103.00 | 276.00 | OK | |
r-patched-linux-x86_64 | 5.1.10 | 35.35 | 51.29 | 86.64 | OK | |
r-release-linux-x86_64 | 5.1.10 | 36.14 | 50.79 | 86.93 | OK | |
r-release-macos-arm64 | 5.1.10 | 58.00 | OK | |||
r-release-macos-x86_64 | 5.1.10 | 111.00 | OK | |||
r-release-windows-x86_64 | 5.1.10 | 162.00 | 121.00 | 283.00 | OK | |
r-oldrel-macos-arm64 | 5.1.10 | 52.00 | NOTE | |||
r-oldrel-macos-x86_64 | 5.1.10 | 137.00 | NOTE | |||
r-oldrel-windows-x86_64 | 5.1.10 | 173.00 | 117.00 | 290.00 | NOTE |
Version: 5.1.10
Check: for GNU extensions in Makefiles
Result: NOTE
GNU make is a SystemRequirements.
Flavors: r-oldrel-macos-arm64, r-oldrel-macos-x86_64, r-oldrel-windows-x86_64
These binaries (installable software) and packages are in development.
They may not be fully stable and should be used with caution. We make no claims about them.