Last updated on 2024-07-27 15:50:31 CEST.
Flavor | Version | Tinstall | Tcheck | Ttotal | Status | Flags |
---|---|---|---|---|---|---|
r-devel-linux-x86_64-debian-clang | 5.1.8 | 59.33 | 73.83 | 133.16 | NOTE | |
r-devel-linux-x86_64-debian-gcc | 5.1.8 | NOTE | ||||
r-devel-linux-x86_64-fedora-clang | 5.1.8 | 255.54 | NOTE | |||
r-devel-linux-x86_64-fedora-gcc | 5.1.8 | 196.96 | NOTE | |||
r-devel-windows-x86_64 | 5.1.8 | 152.00 | 98.00 | 250.00 | NOTE | |
r-patched-linux-x86_64 | 5.1.8 | NOTE | ||||
r-release-linux-x86_64 | 5.1.8 | 45.58 | 65.23 | 110.81 | NOTE | |
r-release-macos-arm64 | 5.1.8 | 77.00 | NOTE | |||
r-release-macos-x86_64 | 5.1.8 | 199.00 | NOTE | |||
r-release-windows-x86_64 | 5.1.8 | 154.00 | 112.00 | 266.00 | NOTE | |
r-oldrel-macos-arm64 | 5.1.8 | 84.00 | NOTE | |||
r-oldrel-macos-x86_64 | 5.1.8 | 198.00 | NOTE | |||
r-oldrel-windows-x86_64 | 5.1.8 | 148.00 | 109.00 | 257.00 | NOTE |
Version: 5.1.8
Check: for GNU extensions in Makefiles
Result: NOTE
GNU make is a SystemRequirements.
Flavors: r-devel-linux-x86_64-debian-clang, r-devel-linux-x86_64-debian-gcc, r-devel-linux-x86_64-fedora-clang, r-devel-linux-x86_64-fedora-gcc, r-devel-windows-x86_64, r-patched-linux-x86_64, r-release-linux-x86_64, r-release-macos-arm64, r-release-macos-x86_64, r-release-windows-x86_64, r-oldrel-macos-arm64, r-oldrel-macos-x86_64, r-oldrel-windows-x86_64
These binaries (installable software) and packages are in development.
They may not be fully stable and should be used with caution. We make no claims about them.