CRAN Package Check Results for Package RcppProgress

Last updated on 2025-11-11 17:50:11 CET.

Flavor Version Tinstall Tcheck Ttotal Status Flags
r-devel-linux-x86_64-debian-clang 0.4.2 1.04 109.63 110.67 NOTE
r-devel-linux-x86_64-debian-gcc 0.4.2 1.01 73.81 74.82 NOTE
r-devel-linux-x86_64-fedora-clang 0.4.2 181.89 OK
r-devel-linux-x86_64-fedora-gcc 0.4.2 162.71 OK
r-devel-windows-x86_64 0.4.2 3.00 143.00 146.00 OK
r-patched-linux-x86_64 0.4.2 1.06 100.49 101.55 OK
r-release-linux-x86_64 0.4.2 1.01 100.25 101.26 OK
r-release-macos-arm64 0.4.2 1.00 83.00 84.00 OK
r-release-macos-x86_64 0.4.2 1.00 126.00 127.00 OK
r-release-windows-x86_64 0.4.2 5.00 143.00 148.00 OK
r-oldrel-macos-arm64 0.4.2 1.00 80.00 81.00 OK
r-oldrel-macos-x86_64 0.4.2 1.00 94.00 95.00 OK
r-oldrel-windows-x86_64 0.4.2 3.00 141.00 144.00 OK

Check Details

Version: 0.4.2
Check: CRAN incoming feasibility
Result: NOTE Maintainer: ‘Karl Forner <karl.forner@gmail.com>’ No Authors@R field in DESCRIPTION. Please add one, modifying Authors@R: person(given = "Karl", family = "Forner", role = c("aut", "cre"), email = "karl.forner@gmail.com") as necessary. Flavors: r-devel-linux-x86_64-debian-clang, r-devel-linux-x86_64-debian-gcc

These binaries (installable software) and packages are in development.
They may not be fully stable and should be used with caution. We make no claims about them.