Last updated on 2025-07-21 19:49:53 CEST.
Flavor | Version | Tinstall | Tcheck | Ttotal | Status | Flags |
---|---|---|---|---|---|---|
r-devel-linux-x86_64-debian-clang | 0.1.2 | 158.38 | 26.45 | 184.83 | NOTE | |
r-devel-linux-x86_64-debian-gcc | 0.1.2 | 106.84 | 21.37 | 128.21 | NOTE | |
r-devel-linux-x86_64-fedora-clang | 0.1.2 | 396.85 | OK | |||
r-devel-linux-x86_64-fedora-gcc | 0.1.2 | 309.38 | OK | |||
r-devel-windows-x86_64 | 0.1.2 | 200.00 | 85.00 | 285.00 | OK | |
r-patched-linux-x86_64 | 0.1.2 | 149.30 | 24.12 | 173.42 | OK | |
r-release-linux-x86_64 | 0.1.2 | 149.01 | 24.17 | 173.18 | OK | |
r-release-macos-arm64 | 0.1.2 | 64.00 | OK | |||
r-release-macos-x86_64 | 0.1.2 | 76.00 | OK | |||
r-release-windows-x86_64 | 0.1.2 | 195.00 | 93.00 | 288.00 | OK | |
r-oldrel-macos-arm64 | 0.1.2 | 62.00 | NOTE | |||
r-oldrel-macos-x86_64 | 0.1.2 | 70.00 | NOTE | |||
r-oldrel-windows-x86_64 | 0.1.2 | 184.00 | 177.00 | 361.00 | OK |
Version: 0.1.2
Check: CRAN incoming feasibility
Result: NOTE
Maintainer: ‘Dirk Eddelbuettel <edd@debian.org>’
No Authors@R field in DESCRIPTION.
Please add one, modifying
Authors@R: c(person(given = c("Dirk", "Eddelbuettel;", "the"),
family = "authors",
role = "aut"),
person(given = c("contributors", "of"),
family = "QuantLib",
role = "aut"),
person(given = "Dirk",
family = "Eddelbuettel",
role = "cre",
email = "edd@debian.org"))
as necessary.
Flavors: r-devel-linux-x86_64-debian-clang, r-devel-linux-x86_64-debian-gcc
Version: 0.1.2
Check: installed package size
Result: NOTE
installed size is 8.4Mb
sub-directories of 1Mb or more:
libs 8.3Mb
Flavors: r-oldrel-macos-arm64, r-oldrel-macos-x86_64
These binaries (installable software) and packages are in development.
They may not be fully stable and should be used with caution. We make no claims about them.