CRAN Package Check Results for Package RcppQuantuccia

Last updated on 2025-02-16 10:50:56 CET.

Flavor Version Tinstall Tcheck Ttotal Status Flags
r-devel-linux-x86_64-debian-clang 0.1.2 155.37 24.17 179.54 OK
r-devel-linux-x86_64-debian-gcc 0.1.2 109.80 19.57 129.37 OK
r-devel-linux-x86_64-fedora-clang 0.1.2 413.93 OK
r-devel-linux-x86_64-fedora-gcc 0.1.2 364.94 OK
r-devel-macos-arm64 0.1.2 62.00 OK
r-devel-macos-x86_64 0.1.2 75.00 OK
r-devel-windows-x86_64 0.1.2 175.00 89.00 264.00 OK
r-patched-linux-x86_64 0.1.2 150.66 23.10 173.76 OK
r-release-linux-x86_64 0.1.2 152.89 23.23 176.12 OK
r-release-macos-arm64 0.1.2 62.00 NOTE
r-release-macos-x86_64 0.1.2 70.00 NOTE
r-release-windows-x86_64 0.1.2 179.00 106.00 285.00 OK
r-oldrel-macos-arm64 0.1.2 75.00 NOTE
r-oldrel-macos-x86_64 0.1.2 77.00 NOTE
r-oldrel-windows-x86_64 0.1.2 196.00 117.00 313.00 OK

Check Details

Version: 0.1.2
Check: installed package size
Result: NOTE installed size is 8.4Mb sub-directories of 1Mb or more: libs 8.3Mb Flavors: r-release-macos-arm64, r-release-macos-x86_64, r-oldrel-macos-arm64, r-oldrel-macos-x86_64

These binaries (installable software) and packages are in development.
They may not be fully stable and should be used with caution. We make no claims about them.