Last updated on 2025-05-01 08:52:43 CEST.
Flavor | Version | Tinstall | Tcheck | Ttotal | Status | Flags |
---|---|---|---|---|---|---|
r-devel-linux-x86_64-debian-clang | 0.3.1 | 13.97 | 41.46 | 55.43 | NOTE | |
r-devel-linux-x86_64-debian-gcc | 0.3.1 | 11.58 | 30.43 | 42.01 | NOTE | |
r-devel-linux-x86_64-fedora-clang | 0.3.1 | 94.07 | OK | |||
r-devel-linux-x86_64-fedora-gcc | 0.3.1 | 93.05 | OK | |||
r-devel-windows-x86_64 | 0.3.1 | 18.00 | 84.00 | 102.00 | OK | |
r-patched-linux-x86_64 | 0.3.1 | 13.94 | 39.14 | 53.08 | OK | |
r-release-linux-x86_64 | OK | |||||
r-release-macos-arm64 | 0.3.1 | 30.00 | OK | |||
r-release-macos-x86_64 | 0.3.1 | 54.00 | OK | |||
r-release-windows-x86_64 | 0.3.1 | 19.00 | 93.00 | 112.00 | OK | |
r-oldrel-macos-arm64 | 0.3.1 | 32.00 | OK | |||
r-oldrel-macos-x86_64 | 0.3.1 | 113.00 | OK | |||
r-oldrel-windows-x86_64 | 0.3.1 | 21.00 | 99.00 | 120.00 | OK |
Version: 0.3.1
Check: CRAN incoming feasibility
Result: NOTE
Maintainer: ‘Kevin Ushey <kevinushey@gmail.com>’
No Authors@R field in DESCRIPTION.
Please add one, modifying
Authors@R: person(given = "Kevin",
family = "Ushey",
role = c("aut", "cre"),
email = "kevinushey@gmail.com")
as necessary.
Flavors: r-devel-linux-x86_64-debian-clang, r-devel-linux-x86_64-debian-gcc
These binaries (installable software) and packages are in development.
They may not be fully stable and should be used with caution. We make no claims about them.