Last updated on 2024-07-27 15:50:31 CEST.
Flavor | Version | Tinstall | Tcheck | Ttotal | Status | Flags |
---|---|---|---|---|---|---|
r-devel-linux-x86_64-debian-clang | 0.2.7 | 130.63 | 39.29 | 169.92 | NOTE | |
r-devel-linux-x86_64-debian-gcc | 0.2.7 | NOTE | ||||
r-devel-linux-x86_64-fedora-clang | 0.2.7 | 293.49 | NOTE | |||
r-devel-linux-x86_64-fedora-gcc | 0.2.7 | 280.23 | NOTE | |||
r-devel-windows-x86_64 | 0.2.7 | 107.00 | 72.00 | 179.00 | NOTE | |
r-patched-linux-x86_64 | 0.2.7 | NOTE | ||||
r-release-linux-x86_64 | 0.2.7 | 110.86 | 34.63 | 145.49 | NOTE | |
r-release-macos-arm64 | 0.2.7 | 53.00 | NOTE | |||
r-release-macos-x86_64 | 0.2.7 | 68.00 | NOTE | |||
r-release-windows-x86_64 | 0.2.7 | 129.00 | 97.00 | 226.00 | NOTE | |
r-oldrel-macos-arm64 | 0.2.7 | 61.00 | NOTE | |||
r-oldrel-macos-x86_64 | 0.2.7 | 103.00 | NOTE | |||
r-oldrel-windows-x86_64 | 0.2.7 | 122.00 | 84.00 | 206.00 | OK |
Version: 0.2.7
Check: Rd files
Result: NOTE
checkRd: (-1) cSMCexamples.Rd:78-80: Lost braces in \itemize; \value handles \item{}{} directly
checkRd: (-1) cSMCexamples.Rd:81-83: Lost braces in \itemize; \value handles \item{}{} directly
checkRd: (-1) cSMCexamples.Rd:89: Lost braces in \itemize; \value handles \item{}{} directly
checkRd: (-1) cSMCexamples.Rd:90: Lost braces in \itemize; \value handles \item{}{} directly
Flavors: r-devel-linux-x86_64-debian-clang, r-devel-linux-x86_64-debian-gcc, r-devel-linux-x86_64-fedora-clang, r-devel-linux-x86_64-fedora-gcc, r-devel-windows-x86_64, r-patched-linux-x86_64, r-release-linux-x86_64, r-release-macos-arm64, r-release-macos-x86_64, r-release-windows-x86_64
Version: 0.2.7
Check: installed package size
Result: NOTE
installed size is 7.0Mb
sub-directories of 1Mb or more:
libs 6.6Mb
Flavors: r-release-macos-arm64, r-release-macos-x86_64, r-oldrel-macos-arm64, r-oldrel-macos-x86_64
These binaries (installable software) and packages are in development.
They may not be fully stable and should be used with caution. We make no claims about them.