Last updated on 2025-05-01 08:52:43 CEST.
Flavor | Version | Tinstall | Tcheck | Ttotal | Status | Flags |
---|---|---|---|---|---|---|
r-devel-linux-x86_64-debian-clang | 0.2.7 | 100.34 | 31.52 | 131.86 | NOTE | |
r-devel-linux-x86_64-debian-gcc | 0.2.7 | 74.72 | 23.88 | 98.60 | NOTE | |
r-devel-linux-x86_64-fedora-clang | 0.2.7 | 243.02 | NOTE | |||
r-devel-linux-x86_64-fedora-gcc | 0.2.7 | 247.75 | NOTE | |||
r-devel-windows-x86_64 | 0.2.7 | 115.00 | 82.00 | 197.00 | NOTE | |
r-patched-linux-x86_64 | 0.2.7 | 98.55 | 28.16 | 126.71 | NOTE | |
r-release-linux-x86_64 | NOTE | |||||
r-release-macos-arm64 | 0.2.7 | 55.00 | NOTE | |||
r-release-macos-x86_64 | 0.2.7 | 66.00 | NOTE | |||
r-release-windows-x86_64 | 0.2.7 | 115.00 | 90.00 | 205.00 | NOTE | |
r-oldrel-macos-arm64 | 0.2.7 | 53.00 | NOTE | |||
r-oldrel-macos-x86_64 | 0.2.7 | 68.00 | NOTE | |||
r-oldrel-windows-x86_64 | 0.2.7 | 128.00 | 84.00 | 212.00 | NOTE |
Version: 0.2.7
Check: CRAN incoming feasibility
Result: NOTE
Maintainer: ‘Dirk Eddelbuettel <edd@debian.org>’
No Authors@R field in DESCRIPTION.
Please add one, modifying
Authors@R: c(person(given = "Dirk",
family = "Eddelbuettel",
role = c("aut", "cre"),
email = "edd@debian.org"),
person(given = c("Adam", "M."),
family = "Johansen",
role = "aut"),
person(given = c("Leah", "F."),
family = "South",
role = "aut"),
person(given = "Ilya",
family = "Zarubin",
role = "aut"))
as necessary.
Flavors: r-devel-linux-x86_64-debian-clang, r-devel-linux-x86_64-debian-gcc
Version: 0.2.7
Check: Rd files
Result: NOTE
checkRd: (-1) cSMCexamples.Rd:78-80: Lost braces in \itemize; \value handles \item{}{} directly
checkRd: (-1) cSMCexamples.Rd:81-83: Lost braces in \itemize; \value handles \item{}{} directly
checkRd: (-1) cSMCexamples.Rd:89: Lost braces in \itemize; \value handles \item{}{} directly
checkRd: (-1) cSMCexamples.Rd:90: Lost braces in \itemize; \value handles \item{}{} directly
Flavors: r-devel-linux-x86_64-debian-clang, r-devel-linux-x86_64-debian-gcc, r-devel-linux-x86_64-fedora-clang, r-devel-linux-x86_64-fedora-gcc, r-devel-windows-x86_64, r-patched-linux-x86_64, r-release-linux-x86_64, r-release-macos-arm64, r-release-macos-x86_64, r-release-windows-x86_64, r-oldrel-macos-arm64, r-oldrel-macos-x86_64, r-oldrel-windows-x86_64
Version: 0.2.7
Check: installed package size
Result: NOTE
installed size is 7.0Mb
sub-directories of 1Mb or more:
libs 6.6Mb
Flavors: r-oldrel-macos-arm64, r-oldrel-macos-x86_64
These binaries (installable software) and packages are in development.
They may not be fully stable and should be used with caution. We make no claims about them.