CRAN Package Check Results for Package RcppSimdJson

Last updated on 2025-07-01 01:49:31 CEST.

Flavor Version Tinstall Tcheck Ttotal Status Flags
r-devel-linux-x86_64-debian-clang 0.1.13 85.43 40.91 126.34 OK
r-devel-linux-x86_64-debian-gcc 0.1.13 71.89 31.40 103.29 OK
r-devel-linux-x86_64-fedora-clang 0.1.13 194.34 OK
r-devel-linux-x86_64-fedora-gcc 0.1.13 245.25 OK
r-devel-windows-x86_64 0.1.13 86.00 103.00 189.00 OK
r-patched-linux-x86_64 OK
r-release-linux-x86_64 0.1.13 96.75 38.11 134.86 OK
r-release-macos-arm64 0.1.13 69.00 OK
r-release-macos-x86_64 0.1.13 93.00 OK
r-release-windows-x86_64 0.1.13 91.00 100.00 191.00 OK
r-oldrel-macos-arm64 0.1.13 70.00 NOTE
r-oldrel-macos-x86_64 0.1.13 106.00 NOTE
r-oldrel-windows-x86_64 0.1.13 97.00 122.00 219.00 NOTE

Check Details

Version: 0.1.13
Check: installed package size
Result: NOTE installed size is 23.3Mb sub-directories of 1Mb or more: include 7.4Mb jsonexamples 3.8Mb libs 11.8Mb Flavors: r-oldrel-macos-arm64, r-oldrel-macos-x86_64, r-oldrel-windows-x86_64

These binaries (installable software) and packages are in development.
They may not be fully stable and should be used with caution. We make no claims about them.