Last updated on 2025-11-11 15:50:44 CET.
| Flavor | Version | Tinstall | Tcheck | Ttotal | Status | Flags |
|---|---|---|---|---|---|---|
| r-devel-linux-x86_64-debian-clang | 0.1.14 | 84.50 | 42.60 | 127.10 | OK | |
| r-devel-linux-x86_64-debian-gcc | 0.1.14 | 71.47 | 31.70 | 103.17 | OK | |
| r-devel-linux-x86_64-fedora-clang | 0.1.14 | 93.00 | 103.64 | 196.64 | OK | |
| r-devel-linux-x86_64-fedora-gcc | 0.1.14 | 143.00 | 106.62 | 249.62 | OK | |
| r-devel-windows-x86_64 | 0.1.14 | 85.00 | 96.00 | 181.00 | OK | |
| r-patched-linux-x86_64 | 0.1.14 | 96.03 | 39.14 | 135.17 | OK | |
| r-release-linux-x86_64 | 0.1.14 | 98.97 | 39.24 | 138.21 | OK | |
| r-release-macos-arm64 | 0.1.14 | 33.00 | 50.00 | 83.00 | OK | |
| r-release-macos-x86_64 | 0.1.14 | 59.00 | 69.00 | 128.00 | OK | |
| r-release-windows-x86_64 | 0.1.14 | 86.00 | 102.00 | 188.00 | OK | |
| r-oldrel-macos-arm64 | 0.1.14 | 33.00 | 49.00 | 82.00 | NOTE | |
| r-oldrel-macos-x86_64 | 0.1.14 | 49.00 | 74.00 | 123.00 | NOTE | |
| r-oldrel-windows-x86_64 | 0.1.14 | 88.00 | 124.00 | 212.00 | NOTE |
Version: 0.1.14
Check: installed package size
Result: NOTE
installed size is 23.8Mb
sub-directories of 1Mb or more:
include 8.0Mb
jsonexamples 3.8Mb
libs 11.8Mb
Flavors: r-oldrel-macos-arm64, r-oldrel-macos-x86_64, r-oldrel-windows-x86_64
These binaries (installable software) and packages are in development.
They may not be fully stable and should be used with caution. We make no claims about them.