Last updated on 2025-02-07 10:49:30 CET.
Flavor | Version | Tinstall | Tcheck | Ttotal | Status | Flags |
---|---|---|---|---|---|---|
r-devel-linux-x86_64-debian-clang | 7.1.6 | 11.33 | 34.50 | 45.83 | NOTE | |
r-devel-linux-x86_64-debian-gcc | 7.1.6 | 7.89 | 28.78 | 36.67 | NOTE | |
r-devel-linux-x86_64-fedora-clang | 7.1.6 | 86.19 | NOTE | |||
r-devel-linux-x86_64-fedora-gcc | 7.1.6 | 79.15 | NOTE | |||
r-devel-windows-x86_64 | 7.1.6 | 17.00 | 78.00 | 95.00 | NOTE | |
r-patched-linux-x86_64 | 7.1.6 | 10.84 | 31.51 | 42.35 | NOTE | |
r-release-linux-x86_64 | 7.1.6 | 11.41 | 31.42 | 42.83 | NOTE | |
r-release-macos-arm64 | 7.1.6 | 22.00 | NOTE | |||
r-release-macos-x86_64 | 7.1.6 | 39.00 | NOTE | |||
r-release-windows-x86_64 | 7.1.6 | 16.00 | 73.00 | 89.00 | NOTE | |
r-oldrel-macos-arm64 | 7.1.6 | 25.00 | NOTE | |||
r-oldrel-macos-x86_64 | 7.1.6 | 50.00 | NOTE | |||
r-oldrel-windows-x86_64 | 7.1.6 | 19.00 | 77.00 | 96.00 | NOTE |
Version: 7.1.6
Check: C++ specification
Result: NOTE
Specified C++14: please drop specification unless essential
Flavors: r-devel-linux-x86_64-debian-clang, r-devel-linux-x86_64-debian-gcc, r-devel-linux-x86_64-fedora-clang, r-devel-linux-x86_64-fedora-gcc, r-devel-windows-x86_64, r-patched-linux-x86_64, r-release-linux-x86_64, r-release-macos-arm64, r-release-macos-x86_64, r-release-windows-x86_64, r-oldrel-macos-arm64, r-oldrel-macos-x86_64, r-oldrel-windows-x86_64
These binaries (installable software) and packages are in development.
They may not be fully stable and should be used with caution. We make no claims about them.