CRAN Package Check Results for Package Rcrawler

Last updated on 2025-02-16 10:50:56 CET.

Flavor Version Tinstall Tcheck Ttotal Status Flags
r-devel-linux-x86_64-debian-clang 0.1.9-1 7.01 40.64 47.65 OK
r-devel-linux-x86_64-debian-gcc 0.1.9-1 4.85 29.19 34.04 OK
r-devel-linux-x86_64-fedora-clang 0.1.9-1 76.98 OK
r-devel-linux-x86_64-fedora-gcc 0.1.9-1 69.49 OK
r-devel-macos-arm64 0.1.9-1 20.00 OK
r-devel-macos-x86_64 0.1.9-1 37.00 OK
r-devel-windows-x86_64 0.1.9-1 8.00 61.00 69.00 OK
r-patched-linux-x86_64 0.1.9-1 6.74 37.49 44.23 NOTE
r-release-linux-x86_64 0.1.9-1 5.70 37.57 43.27 NOTE
r-release-macos-arm64 0.1.9-1 19.00 NOTE
r-release-macos-x86_64 0.1.9-1 31.00 NOTE
r-release-windows-x86_64 0.1.9-1 8.00 65.00 73.00 NOTE
r-oldrel-macos-arm64 0.1.9-1 23.00 NOTE
r-oldrel-macos-x86_64 0.1.9-1 37.00 NOTE
r-oldrel-windows-x86_64 0.1.9-1 10.00 74.00 84.00 NOTE

Check Details

Version: 0.1.9-1
Check: LazyData
Result: NOTE 'LazyData' is specified without a 'data' directory Flavors: r-patched-linux-x86_64, r-release-linux-x86_64, r-release-macos-arm64, r-release-macos-x86_64, r-release-windows-x86_64, r-oldrel-macos-arm64, r-oldrel-macos-x86_64, r-oldrel-windows-x86_64

These binaries (installable software) and packages are in development.
They may not be fully stable and should be used with caution. We make no claims about them.