Last updated on 2025-10-10 09:50:39 CEST.
Flavor | Version | Tinstall | Tcheck | Ttotal | Status | Flags |
---|---|---|---|---|---|---|
r-devel-linux-x86_64-debian-clang | 2.0 | 2.13 | 25.23 | 27.36 | NOTE | |
r-devel-linux-x86_64-debian-gcc | 2.0 | 1.71 | 19.57 | 21.28 | NOTE | |
r-devel-linux-x86_64-fedora-clang | 2.0 | 48.46 | OK | |||
r-devel-linux-x86_64-fedora-gcc | 2.0 | 41.58 | OK | |||
r-devel-windows-x86_64 | 2.0 | 4.00 | 41.00 | 45.00 | OK | |
r-patched-linux-x86_64 | 2.0 | 2.29 | 24.03 | 26.32 | OK | |
r-release-linux-x86_64 | 2.0 | 1.80 | 24.22 | 26.02 | OK | |
r-release-macos-arm64 | 2.0 | 16.00 | OK | |||
r-release-macos-x86_64 | 2.0 | 33.00 | OK | |||
r-release-windows-x86_64 | 2.0 | 3.00 | 43.00 | 46.00 | OK | |
r-oldrel-macos-arm64 | 2.0 | 16.00 | OK | |||
r-oldrel-macos-x86_64 | 2.0 | 24.00 | OK | |||
r-oldrel-windows-x86_64 | 2.0 | 3.00 | 41.00 | 44.00 | OK |
Version: 2.0
Check: CRAN incoming feasibility
Result: NOTE
Maintainer: ‘J.S. Pierre <jean-sebastien.pierre@univ-rennes1.fr>’
No Authors@R field in DESCRIPTION.
Please add one, modifying
Authors@R: c(person(given = "Jean-Sebastien",
family = "PIERRE",
role = c("aut", "cre")),
person(given = "J.S.",
family = "Pierre",
role = "cre",
email = "jean-sebastien.pierre@univ-rennes1.fr"))
as necessary.
Flavors: r-devel-linux-x86_64-debian-clang, r-devel-linux-x86_64-debian-gcc
These binaries (installable software) and packages are in development.
They may not be fully stable and should be used with caution. We make no claims about them.