Last updated on 2025-02-16 10:50:56 CET.
Flavor | Version | Tinstall | Tcheck | Ttotal | Status | Flags |
---|---|---|---|---|---|---|
r-devel-linux-x86_64-debian-clang | 1.1.2 | 184.72 | 214.96 | 399.68 | NOTE | |
r-devel-linux-x86_64-debian-gcc | 1.1.2 | 145.92 | 152.03 | 297.95 | NOTE | |
r-devel-linux-x86_64-fedora-clang | 1.1.2 | 765.50 | NOTE | |||
r-devel-linux-x86_64-fedora-gcc | 1.1.2 | 772.74 | NOTE | |||
r-devel-macos-arm64 | 1.1.2 | 145.00 | NOTE | |||
r-devel-macos-x86_64 | 1.1.2 | 236.00 | NOTE | |||
r-devel-windows-x86_64 | 1.1.2 | 185.00 | 283.00 | 468.00 | NOTE | |
r-patched-linux-x86_64 | 1.1.2 | 206.76 | 199.51 | 406.27 | NOTE | |
r-release-linux-x86_64 | 1.1.2 | 200.66 | 199.15 | 399.81 | NOTE | |
r-release-macos-arm64 | 1.1.2 | 142.00 | NOTE | |||
r-release-macos-x86_64 | 1.1.2 | 197.00 | NOTE | |||
r-release-windows-x86_64 | 1.1.2 | 202.00 | 275.00 | 477.00 | NOTE | |
r-oldrel-macos-arm64 | 1.1.2 | 178.00 | NOTE | |||
r-oldrel-macos-x86_64 | 1.1.2 | 334.00 | NOTE | |||
r-oldrel-windows-x86_64 | 1.1.2 | 249.00 | 334.00 | 583.00 | NOTE |
Version: 1.1.2
Check: C++ specification
Result: NOTE
Specified C++11: please drop specification unless essential
Flavors: r-devel-linux-x86_64-debian-clang, r-devel-linux-x86_64-debian-gcc, r-devel-linux-x86_64-fedora-clang, r-devel-linux-x86_64-fedora-gcc, r-devel-macos-arm64, r-devel-macos-x86_64, r-devel-windows-x86_64, r-patched-linux-x86_64, r-release-linux-x86_64, r-release-macos-arm64, r-release-macos-x86_64, r-release-windows-x86_64, r-oldrel-macos-arm64, r-oldrel-macos-x86_64, r-oldrel-windows-x86_64
Version: 1.1.2
Check: Rd files
Result: NOTE
checkRd: (-1) linear_RNDPROJ.Rd:45: Lost braces; missing escapes or markup?
45 | there is a linear map \eqn{f:R^N} to {R^n} such that
| ^
Flavors: r-devel-linux-x86_64-debian-clang, r-devel-linux-x86_64-debian-gcc, r-devel-linux-x86_64-fedora-clang, r-devel-linux-x86_64-fedora-gcc, r-devel-macos-arm64, r-devel-macos-x86_64, r-devel-windows-x86_64, r-patched-linux-x86_64, r-release-linux-x86_64, r-release-macos-arm64, r-release-macos-x86_64, r-release-windows-x86_64
Version: 1.1.2
Check: installed package size
Result: NOTE
installed size is 19.4Mb
sub-directories of 1Mb or more:
data 1.9Mb
libs 15.7Mb
Flavors: r-release-macos-arm64, r-release-macos-x86_64, r-release-windows-x86_64, r-oldrel-macos-arm64, r-oldrel-macos-x86_64, r-oldrel-windows-x86_64
These binaries (installable software) and packages are in development.
They may not be fully stable and should be used with caution. We make no claims about them.