Last updated on 2025-05-01 08:52:43 CEST.
Flavor | Version | Tinstall | Tcheck | Ttotal | Status | Flags |
---|---|---|---|---|---|---|
r-devel-linux-x86_64-debian-clang | 1.1.2 | 209.38 | 222.48 | 431.86 | NOTE | |
r-devel-linux-x86_64-debian-gcc | 1.1.2 | 142.93 | 152.29 | 295.22 | NOTE | |
r-devel-linux-x86_64-fedora-clang | 1.1.2 | 777.66 | NOTE | |||
r-devel-linux-x86_64-fedora-gcc | 1.1.2 | 736.64 | NOTE | |||
r-devel-windows-x86_64 | 1.1.2 | 216.00 | 285.00 | 501.00 | NOTE | |
r-patched-linux-x86_64 | 1.1.2 | 208.27 | 204.76 | 413.03 | NOTE | |
r-release-linux-x86_64 | NOTE | |||||
r-release-macos-arm64 | 1.1.2 | 156.00 | NOTE | |||
r-release-macos-x86_64 | 1.1.2 | 236.00 | NOTE | |||
r-release-windows-x86_64 | 1.1.2 | 215.00 | 290.00 | 505.00 | NOTE | |
r-oldrel-macos-arm64 | 1.1.2 | 142.00 | NOTE | |||
r-oldrel-macos-x86_64 | 1.1.2 | 197.00 | NOTE | |||
r-oldrel-windows-x86_64 | 1.1.2 | 255.00 | 376.00 | 631.00 | NOTE |
Version: 1.1.2
Check: C++ specification
Result: NOTE
Specified C++11: please drop specification unless essential
Flavors: r-devel-linux-x86_64-debian-clang, r-devel-linux-x86_64-debian-gcc, r-devel-linux-x86_64-fedora-clang, r-devel-linux-x86_64-fedora-gcc, r-devel-windows-x86_64, r-patched-linux-x86_64, r-release-linux-x86_64, r-release-macos-arm64, r-release-macos-x86_64, r-release-windows-x86_64, r-oldrel-macos-arm64, r-oldrel-macos-x86_64, r-oldrel-windows-x86_64
Version: 1.1.2
Check: Rd files
Result: NOTE
checkRd: (-1) linear_RNDPROJ.Rd:45: Lost braces; missing escapes or markup?
45 | there is a linear map \eqn{f:R^N} to {R^n} such that
| ^
Flavors: r-devel-linux-x86_64-debian-clang, r-devel-linux-x86_64-debian-gcc, r-devel-linux-x86_64-fedora-clang, r-devel-linux-x86_64-fedora-gcc, r-devel-windows-x86_64, r-patched-linux-x86_64, r-release-linux-x86_64, r-release-macos-arm64, r-release-macos-x86_64, r-release-windows-x86_64, r-oldrel-macos-arm64, r-oldrel-macos-x86_64, r-oldrel-windows-x86_64
Version: 1.1.2
Check: installed package size
Result: NOTE
installed size is 19.4Mb
sub-directories of 1Mb or more:
data 1.9Mb
libs 15.7Mb
Flavors: r-oldrel-macos-arm64, r-oldrel-macos-x86_64, r-oldrel-windows-x86_64
These binaries (installable software) and packages are in development.
They may not be fully stable and should be used with caution. We make no claims about them.