Last updated on 2025-02-16 10:50:56 CET.
Flavor | Version | Tinstall | Tcheck | Ttotal | Status | Flags |
---|---|---|---|---|---|---|
r-devel-linux-x86_64-debian-clang | 3.0.0 | 4.80 | 106.57 | 111.37 | NOTE | |
r-devel-linux-x86_64-debian-gcc | 3.0.0 | 3.38 | 70.34 | 73.72 | NOTE | |
r-devel-linux-x86_64-fedora-clang | 3.0.0 | 183.77 | NOTE | |||
r-devel-linux-x86_64-fedora-gcc | 3.0.0 | 187.12 | NOTE | |||
r-devel-macos-arm64 | 3.0.0 | 51.00 | NOTE | |||
r-devel-macos-x86_64 | 3.0.0 | 93.00 | NOTE | |||
r-devel-windows-x86_64 | 3.0.0 | 9.00 | 168.00 | 177.00 | NOTE | |
r-patched-linux-x86_64 | 3.0.0 | 5.77 | 99.73 | 105.50 | NOTE | |
r-release-linux-x86_64 | 3.0.0 | 4.12 | 101.06 | 105.18 | NOTE | |
r-release-macos-arm64 | 3.0.0 | 51.00 | NOTE | |||
r-release-macos-x86_64 | 3.0.0 | 85.00 | NOTE | |||
r-release-windows-x86_64 | 3.0.0 | 7.00 | 174.00 | 181.00 | NOTE | |
r-oldrel-macos-arm64 | 3.0.0 | 63.00 | OK | |||
r-oldrel-macos-x86_64 | 3.0.0 | 167.00 | OK | |||
r-oldrel-windows-x86_64 | 3.0.0 | 9.00 | 174.00 | 183.00 | OK |
Version: 3.0.0
Check: Rd files
Result: NOTE
checkRd: (-1) halfnorm.like.Rd:105: Lost braces; missing escapes or markup?
105 | {f(x|a,b,c_1,c_2,...,c_k) = f(x|a,b)(1 + c(1) h_i1(x) + c(2) h_i2(x) + ... + c(k) h_ik(x)). }
| ^
checkRd: (-1) secondDeriv.Rd:15: Lost braces
15 | This must be a function of the form FUN <- function(x, ...){...}
| ^
Flavors: r-devel-linux-x86_64-debian-clang, r-devel-linux-x86_64-debian-gcc, r-devel-linux-x86_64-fedora-clang, r-devel-linux-x86_64-fedora-gcc, r-devel-macos-arm64, r-devel-macos-x86_64, r-devel-windows-x86_64, r-patched-linux-x86_64, r-release-linux-x86_64, r-release-macos-arm64, r-release-macos-x86_64, r-release-windows-x86_64
These binaries (installable software) and packages are in development.
They may not be fully stable and should be used with caution. We make no claims about them.