Last updated on 2024-07-27 15:50:31 CEST.
Flavor | Version | Tinstall | Tcheck | Ttotal | Status | Flags |
---|---|---|---|---|---|---|
r-devel-linux-x86_64-debian-clang | 3.0.0 | 7.24 | 136.97 | 144.21 | NOTE | |
r-devel-linux-x86_64-debian-gcc | 3.0.0 | NOTE | ||||
r-devel-linux-x86_64-fedora-clang | 3.0.0 | 178.49 | NOTE | |||
r-devel-linux-x86_64-fedora-gcc | 3.0.0 | 190.77 | NOTE | |||
r-devel-windows-x86_64 | 3.0.0 | 8.00 | 180.00 | 188.00 | NOTE | |
r-patched-linux-x86_64 | 3.0.0 | NOTE | ||||
r-release-linux-x86_64 | 3.0.0 | 7.88 | 132.97 | 140.85 | NOTE | |
r-release-macos-arm64 | 3.0.0 | 51.00 | NOTE | |||
r-release-macos-x86_64 | 3.0.0 | 85.00 | NOTE | |||
r-release-windows-x86_64 | 3.0.0 | 7.00 | 167.00 | 174.00 | NOTE | |
r-oldrel-macos-arm64 | 3.0.0 | 63.00 | OK | |||
r-oldrel-macos-x86_64 | 3.0.0 | 167.00 | OK | |||
r-oldrel-windows-x86_64 | 3.0.0 | 9.00 | 173.00 | 182.00 | OK |
Version: 3.0.0
Check: Rd files
Result: NOTE
checkRd: (-1) halfnorm.like.Rd:105: Lost braces; missing escapes or markup?
105 | {f(x|a,b,c_1,c_2,...,c_k) = f(x|a,b)(1 + c(1) h_i1(x) + c(2) h_i2(x) + ... + c(k) h_ik(x)). }
| ^
checkRd: (-1) secondDeriv.Rd:15: Lost braces
15 | This must be a function of the form FUN <- function(x, ...){...}
| ^
Flavors: r-devel-linux-x86_64-debian-clang, r-devel-linux-x86_64-debian-gcc, r-devel-linux-x86_64-fedora-clang, r-devel-linux-x86_64-fedora-gcc, r-devel-windows-x86_64, r-patched-linux-x86_64, r-release-linux-x86_64, r-release-macos-arm64, r-release-macos-x86_64, r-release-windows-x86_64
These binaries (installable software) and packages are in development.
They may not be fully stable and should be used with caution. We make no claims about them.