CRAN Package Check Results for Package Rdpack

Last updated on 2025-02-18 22:52:11 CET.

Flavor Version Tinstall Tcheck Ttotal Status Flags
r-devel-linux-x86_64-debian-clang 2.6.2 5.71 64.82 70.53 OK
r-devel-linux-x86_64-debian-gcc 2.6.2 4.21 45.80 50.01 OK
r-devel-linux-x86_64-fedora-clang 2.6.2 118.17 OK
r-devel-linux-x86_64-fedora-gcc 2.6.2 124.63 OK
r-devel-macos-arm64 2.6.2 41.00 OK
r-devel-macos-x86_64 2.6.2 133.00 OK
r-devel-windows-x86_64 2.6.2 9.00 117.00 126.00 NOTE
r-patched-linux-x86_64 2.6.2 7.99 62.08 70.07 OK
r-release-linux-x86_64 2.6.2 5.29 61.32 66.61 OK
r-release-macos-arm64 2.6.2 45.00 OK
r-release-macos-x86_64 2.6.2 222.00 OK
r-release-windows-x86_64 2.6.2 9.00 116.00 125.00 NOTE
r-oldrel-macos-arm64 2.6.2 208.00 OK
r-oldrel-macos-x86_64 2.6.2 232.00 OK
r-oldrel-windows-x86_64 2.6.2 9.00 144.00 153.00 OK

Check Details

Version: 2.6.2
Check: package subdirectories
Result: NOTE Found the following CITATION file in a non-standard place: Rdpack/inst/CITATION Most likely 'inst/CITATION' should be used instead. Flavors: r-devel-windows-x86_64, r-release-windows-x86_64

These binaries (installable software) and packages are in development.
They may not be fully stable and should be used with caution. We make no claims about them.