CRAN Package Check Results for Package Rdpack

Last updated on 2025-05-08 04:52:16 CEST.

Flavor Version Tinstall Tcheck Ttotal Status Flags
r-devel-linux-x86_64-debian-clang 2.6.4 5.96 67.70 73.66 OK
r-devel-linux-x86_64-debian-gcc 2.6.4 3.57 49.38 52.95 OK
r-devel-linux-x86_64-fedora-clang 2.6.4 111.28 OK
r-devel-linux-x86_64-fedora-gcc 2.6.4 126.46 OK
r-devel-windows-x86_64 2.6.4 10.00 114.00 124.00 OK
r-patched-linux-x86_64 2.6.4 7.35 62.83 70.18 OK
r-release-linux-x86_64 2.6.4 5.31 64.03 69.34 OK
r-release-macos-arm64 2.6.4 71.00 OK
r-release-macos-x86_64 2.6.4 112.00 OK
r-release-windows-x86_64 2.6.4 8.00 118.00 126.00 NOTE
r-oldrel-macos-arm64 2.6.4 64.00 OK
r-oldrel-macos-x86_64 2.6.4 123.00 OK
r-oldrel-windows-x86_64 2.6.4 10.00 124.00 134.00 OK

Check Details

Version: 2.6.4
Check: package subdirectories
Result: NOTE Found the following CITATION file in a non-standard place: Rdpack/inst/CITATION Most likely 'inst/CITATION' should be used instead. Flavor: r-release-windows-x86_64

These binaries (installable software) and packages are in development.
They may not be fully stable and should be used with caution. We make no claims about them.