Last updated on 2025-07-02 01:51:48 CEST.
Flavor | Version | Tinstall | Tcheck | Ttotal | Status | Flags |
---|---|---|---|---|---|---|
r-devel-linux-x86_64-debian-clang | 2.6.4 | 5.27 | 67.84 | 73.11 | OK | |
r-devel-linux-x86_64-debian-gcc | 2.6.4 | 4.00 | 49.08 | 53.08 | OK | |
r-devel-linux-x86_64-fedora-clang | 2.6.4 | 110.82 | OK | |||
r-devel-linux-x86_64-fedora-gcc | 2.6.4 | 121.88 | OK | |||
r-devel-windows-x86_64 | 2.6.4 | 10.00 | 114.00 | 124.00 | OK | |
r-patched-linux-x86_64 | OK | |||||
r-release-linux-x86_64 | 2.6.4 | 4.53 | 63.49 | 68.02 | OK | |
r-release-macos-arm64 | 2.6.4 | 71.00 | OK | |||
r-release-macos-x86_64 | 2.6.4 | 112.00 | OK | |||
r-release-windows-x86_64 | 2.6.4 | 10.00 | 115.00 | 125.00 | NOTE | |
r-oldrel-macos-arm64 | 2.6.4 | 64.00 | OK | |||
r-oldrel-macos-x86_64 | 2.6.4 | 123.00 | OK | |||
r-oldrel-windows-x86_64 | 2.6.4 | 10.00 | 132.00 | 142.00 | OK |
Version: 2.6.4
Check: package subdirectories
Result: NOTE
Found the following CITATION file in a non-standard place:
Rdpack/inst/CITATION
Most likely 'inst/CITATION' should be used instead.
Flavor: r-release-windows-x86_64
These binaries (installable software) and packages are in development.
They may not be fully stable and should be used with caution. We make no claims about them.