Last updated on 2025-05-23 01:51:08 CEST.
Flavor | Version | Tinstall | Tcheck | Ttotal | Status | Flags |
---|---|---|---|---|---|---|
r-devel-linux-x86_64-debian-clang | 1.0.1 | 1.75 | 28.56 | 30.31 | NOTE | |
r-devel-linux-x86_64-debian-gcc | 1.0.1 | 1.70 | 21.31 | 23.01 | NOTE | |
r-devel-linux-x86_64-fedora-clang | 1.0.1 | 48.89 | OK | |||
r-devel-linux-x86_64-fedora-gcc | 1.0.1 | 47.35 | OK | |||
r-devel-windows-x86_64 | 1.0.1 | 4.00 | 48.00 | 52.00 | OK | |
r-patched-linux-x86_64 | 1.0.1 | 2.20 | 26.93 | 29.13 | OK | |
r-release-linux-x86_64 | 1.0.1 | 2.02 | 26.94 | 28.96 | OK | |
r-release-macos-arm64 | 1.0.1 | 16.00 | OK | |||
r-release-macos-x86_64 | 1.0.1 | 30.00 | OK | |||
r-release-windows-x86_64 | 1.0.1 | 4.00 | 75.00 | 79.00 | OK | |
r-oldrel-macos-arm64 | 1.0.1 | 17.00 | OK | |||
r-oldrel-macos-x86_64 | 1.0.1 | 24.00 | OK | |||
r-oldrel-windows-x86_64 | 1.0.1 | 3.00 | 59.00 | 62.00 | OK |
Version: 1.0.1
Check: CRAN incoming feasibility
Result: NOTE
Maintainer: ‘Siddhartha Kundu <siddhartha_kundu@aiims.edu>’
No Authors@R field in DESCRIPTION.
Please add one, modifying
Authors@R: person(given = "Siddhartha",
family = "Kundu",
role = c("aut", "cre"),
email = "2021:ManuscriptUnderPreparation")
as necessary.
Flavors: r-devel-linux-x86_64-debian-clang, r-devel-linux-x86_64-debian-gcc
These binaries (installable software) and packages are in development.
They may not be fully stable and should be used with caution. We make no claims about them.