Last updated on 2025-05-01 15:49:41 CEST.
Flavor | Version | Tinstall | Tcheck | Ttotal | Status | Flags |
---|---|---|---|---|---|---|
r-devel-linux-x86_64-debian-clang | 2.1 | 7.70 | 85.95 | 93.65 | NOTE | |
r-devel-linux-x86_64-debian-gcc | 2.1 | 4.73 | 61.88 | 66.61 | NOTE | |
r-devel-linux-x86_64-fedora-clang | 2.1 | 140.21 | OK | |||
r-devel-linux-x86_64-fedora-gcc | 2.1 | 151.45 | OK | |||
r-devel-windows-x86_64 | 2.1 | 9.00 | 111.00 | 120.00 | OK | |
r-patched-linux-x86_64 | 2.1 | 7.67 | 80.73 | 88.40 | OK | |
r-release-linux-x86_64 | OK | |||||
r-release-macos-arm64 | 2.1 | 56.00 | OK | |||
r-release-macos-x86_64 | 2.1 | 110.00 | OK | |||
r-release-windows-x86_64 | 2.1 | 8.00 | 111.00 | 119.00 | OK | |
r-oldrel-macos-arm64 | 2.1 | 45.00 | OK | |||
r-oldrel-macos-x86_64 | 2.1 | 76.00 | OK | |||
r-oldrel-windows-x86_64 | 2.1 | 10.00 | 126.00 | 136.00 | OK |
Version: 2.1
Check: CRAN incoming feasibility
Result: NOTE
Maintainer: ‘Ivan Fernandez-Val <ivanf@bu.edu>’
No Authors@R field in DESCRIPTION.
Please add one, modifying
Authors@R: c(person(given = "Wesley",
family = "Graybill",
role = "aut"),
person(given = "Mingli",
family = "Chen",
role = "aut"),
person(given = "Victor",
family = "Chernozhukov",
role = "aut"),
person(given = "Ivan",
family = "Fernandez-Val",
role = c("aut", "cre"),
email = "ivanf@bu.edu"),
person(given = "Alfred",
family = "Galichon",
role = "aut"))
as necessary.
Flavors: r-devel-linux-x86_64-debian-clang, r-devel-linux-x86_64-debian-gcc
These binaries (installable software) and packages are in development.
They may not be fully stable and should be used with caution. We make no claims about them.