CRAN Package Check Results for Package Recocrop

Last updated on 2025-02-16 10:50:56 CET.

Flavor Version Tinstall Tcheck Ttotal Status Flags
r-devel-linux-x86_64-debian-clang 0.4-1 36.23 183.37 219.60 NOTE
r-devel-linux-x86_64-debian-gcc 0.4-1 22.93 112.09 135.02 NOTE
r-devel-linux-x86_64-fedora-clang 0.4-1 370.99 NOTE
r-devel-linux-x86_64-fedora-gcc 0.4-1 336.84 NOTE
r-devel-macos-arm64 0.4-1 62.00 NOTE
r-devel-macos-x86_64 0.4-1 132.00 NOTE
r-devel-windows-x86_64 0.4-1 36.00 161.00 197.00 NOTE
r-patched-linux-x86_64 0.4-1 39.91 169.20 209.11 NOTE
r-release-linux-x86_64 0.4-1 37.59 171.31 208.90 NOTE
r-release-macos-arm64 0.4-1 65.00 NOTE
r-release-macos-x86_64 0.4-1 117.00 NOTE
r-release-windows-x86_64 0.4-1 37.00 154.00 191.00 NOTE
r-oldrel-macos-arm64 0.4-1 72.00 NOTE
r-oldrel-macos-x86_64 0.4-1 160.00 NOTE
r-oldrel-windows-x86_64 0.4-1 49.00 215.00 264.00 NOTE

Check Details

Version: 0.4-1
Check: C++ specification
Result: NOTE Specified C++11: please drop specification unless essential Flavors: r-devel-linux-x86_64-debian-clang, r-devel-linux-x86_64-debian-gcc, r-devel-linux-x86_64-fedora-clang, r-devel-linux-x86_64-fedora-gcc, r-devel-macos-arm64, r-devel-macos-x86_64, r-devel-windows-x86_64, r-patched-linux-x86_64, r-release-linux-x86_64, r-release-macos-arm64, r-release-macos-x86_64, r-release-windows-x86_64, r-oldrel-macos-arm64, r-oldrel-macos-x86_64, r-oldrel-windows-x86_64

Version: 0.4-1
Check: Rd cross-references
Result: NOTE Found the following Rd file(s) with Rd \link{} targets missing package anchors: parameters.Rd: crop spatial.Rd: writeRaster Please provide package anchors for all Rd \link{} targets not in the package itself and the base packages. Flavors: r-devel-linux-x86_64-debian-clang, r-devel-linux-x86_64-debian-gcc, r-devel-windows-x86_64

These binaries (installable software) and packages are in development.
They may not be fully stable and should be used with caution. We make no claims about them.