Last updated on 2024-07-27 15:50:31 CEST.
Flavor | Version | Tinstall | Tcheck | Ttotal | Status | Flags |
---|---|---|---|---|---|---|
r-devel-linux-x86_64-debian-clang | 0.4-1 | 42.78 | 239.25 | 282.03 | NOTE | |
r-devel-linux-x86_64-debian-gcc | 0.4-1 | NOTE | ||||
r-devel-linux-x86_64-fedora-clang | 0.4-1 | 362.30 | NOTE | |||
r-devel-linux-x86_64-fedora-gcc | 0.4-1 | 351.65 | NOTE | |||
r-devel-windows-x86_64 | 0.4-1 | 38.00 | 164.00 | 202.00 | NOTE | |
r-patched-linux-x86_64 | 0.4-1 | NOTE | ||||
r-release-linux-x86_64 | 0.4-1 | 48.55 | 226.26 | 274.81 | NOTE | |
r-release-macos-arm64 | 0.4-1 | 65.00 | NOTE | |||
r-release-macos-x86_64 | 0.4-1 | 117.00 | NOTE | |||
r-release-windows-x86_64 | 0.4-1 | 42.00 | 166.00 | 208.00 | NOTE | |
r-oldrel-macos-arm64 | 0.4-1 | 72.00 | NOTE | |||
r-oldrel-macos-x86_64 | 0.4-1 | 160.00 | NOTE | |||
r-oldrel-windows-x86_64 | 0.4-1 | 49.00 | 210.00 | 259.00 | NOTE |
Version: 0.4-1
Check: C++ specification
Result: NOTE
Specified C++11: please drop specification unless essential
Flavors: r-devel-linux-x86_64-debian-clang, r-devel-linux-x86_64-debian-gcc, r-devel-linux-x86_64-fedora-clang, r-devel-linux-x86_64-fedora-gcc, r-devel-windows-x86_64, r-patched-linux-x86_64, r-release-linux-x86_64, r-release-macos-arm64, r-release-macos-x86_64, r-release-windows-x86_64, r-oldrel-macos-arm64, r-oldrel-macos-x86_64, r-oldrel-windows-x86_64
Version: 0.4-1
Check: Rd cross-references
Result: NOTE
Found the following Rd file(s) with Rd \link{} targets missing package
anchors:
parameters.Rd: crop
spatial.Rd: writeRaster
Please provide package anchors for all Rd \link{} targets not in the
package itself and the base packages.
Flavors: r-devel-linux-x86_64-debian-gcc, r-devel-windows-x86_64
These binaries (installable software) and packages are in development.
They may not be fully stable and should be used with caution. We make no claims about them.