CRAN Package Check Results for Package RecordLinkage

Last updated on 2025-10-23 11:50:25 CEST.

Flavor Version Tinstall Tcheck Ttotal Status Flags
r-devel-linux-x86_64-debian-clang 0.4-12.5 18.60 171.80 190.40 NOTE
r-devel-linux-x86_64-debian-gcc 0.4-12.5 13.11 121.46 134.57 OK
r-devel-linux-x86_64-fedora-clang 0.4-12.5 177.00 165.13 342.13 OK
r-devel-linux-x86_64-fedora-gcc 0.4-12.5 40.00 256.00 296.00 OK
r-devel-windows-x86_64 0.4-12.5 25.00 239.00 264.00 OK
r-patched-linux-x86_64 0.4-12.5 18.95 162.65 181.60 OK
r-release-linux-x86_64 0.4-12.5 15.99 161.60 177.59 OK
r-release-macos-arm64 0.4-12.5 9.00 81.00 90.00 OK
r-release-macos-x86_64 0.4-12.5 15.00 117.00 132.00 OK
r-release-windows-x86_64 0.4-12.5 26.00 252.00 278.00 OK
r-oldrel-macos-arm64 0.4-12.5 10.00 78.00 88.00 OK
r-oldrel-macos-x86_64 0.4-12.5 16.00 164.00 180.00 OK
r-oldrel-windows-x86_64 0.4-12.5 34.00 292.00 326.00 OK

Check Details

Version: 0.4-12.5
Check: HTML version of manual
Result: NOTE Found the following HTML validation problems: getMinimalTrain.html:94:1 (getMinimalTrain.Rd:69): Warning: <h3> anchor "_sec_note" already defined resample.html:57:1 (resample.Rd:18): Warning: missing </ul> before </div> Flavor: r-devel-linux-x86_64-debian-clang

These binaries (installable software) and packages are in development.
They may not be fully stable and should be used with caution. We make no claims about them.