Last updated on 2025-02-19 16:51:01 CET.
Flavor | Version | Tinstall | Tcheck | Ttotal | Status | Flags |
---|---|---|---|---|---|---|
r-devel-linux-x86_64-debian-clang | 1.0 | 1.77 | 17.26 | 19.03 | NOTE | |
r-devel-linux-x86_64-debian-gcc | 1.0 | 1.36 | 13.95 | 15.31 | NOTE | |
r-devel-linux-x86_64-fedora-clang | 1.0 | 31.78 | NOTE | |||
r-devel-linux-x86_64-fedora-gcc | 1.0 | 29.24 | NOTE | |||
r-devel-macos-arm64 | 1.0 | 14.00 | NOTE | |||
r-devel-macos-x86_64 | 1.0 | 21.00 | NOTE | |||
r-devel-windows-x86_64 | 1.0 | 3.00 | 41.00 | 44.00 | NOTE | |
r-patched-linux-x86_64 | 1.0 | 1.66 | 16.56 | 18.22 | NOTE | |
r-release-linux-x86_64 | 1.0 | 1.58 | 16.72 | 18.30 | NOTE | |
r-release-macos-arm64 | 1.0 | 14.00 | NOTE | |||
r-release-macos-x86_64 | 1.0 | 22.00 | NOTE | |||
r-release-windows-x86_64 | 1.0 | 3.00 | 41.00 | 44.00 | NOTE | |
r-oldrel-macos-arm64 | 1.0 | 17.00 | NOTE | |||
r-oldrel-macos-x86_64 | 1.0 | 17.00 | NOTE | |||
r-oldrel-windows-x86_64 | 1.0 | 3.00 | 40.00 | 43.00 | NOTE |
Version: 1.0
Check: DESCRIPTION meta-information
Result: NOTE
Malformed Description field: should contain one or more complete sentences.
Flavors: r-devel-linux-x86_64-debian-clang, r-devel-linux-x86_64-debian-gcc, r-devel-linux-x86_64-fedora-clang, r-devel-linux-x86_64-fedora-gcc, r-devel-macos-arm64, r-devel-macos-x86_64, r-devel-windows-x86_64, r-patched-linux-x86_64, r-release-linux-x86_64, r-release-macos-arm64, r-release-macos-x86_64, r-release-windows-x86_64, r-oldrel-macos-arm64, r-oldrel-macos-x86_64, r-oldrel-windows-x86_64
These binaries (installable software) and packages are in development.
They may not be fully stable and should be used with caution. We make no claims about them.