Last updated on 2025-10-04 11:50:46 CEST.
Flavor | Version | Tinstall | Tcheck | Ttotal | Status | Flags |
---|---|---|---|---|---|---|
r-devel-linux-x86_64-debian-clang | 0.1.0 | 1.67 | 19.41 | 21.08 | OK | |
r-devel-linux-x86_64-debian-gcc | 0.1.0 | 1.39 | 15.89 | 17.28 | OK | |
r-devel-linux-x86_64-fedora-clang | 0.1.0 | 35.43 | NOTE | |||
r-devel-linux-x86_64-fedora-gcc | 0.1.0 | 29.18 | NOTE | |||
r-devel-windows-x86_64 | 0.1.0 | 2.00 | 39.00 | 41.00 | OK | |
r-patched-linux-x86_64 | 0.1.0 | 1.47 | 18.26 | 19.73 | OK | |
r-release-linux-x86_64 | 0.1.0 | 1.45 | 18.18 | 19.63 | OK | |
r-release-macos-arm64 | 0.1.0 | 13.00 | OK | |||
r-release-macos-x86_64 | 0.1.0 | 23.00 | OK | |||
r-release-windows-x86_64 | 0.1.0 | 3.00 | 39.00 | 42.00 | OK | |
r-oldrel-macos-arm64 | 0.1.0 | 12.00 | OK | |||
r-oldrel-macos-x86_64 | 0.1.0 | 18.00 | OK | |||
r-oldrel-windows-x86_64 | 0.1.0 | 3.00 | 42.00 | 45.00 | OK |
Version: 0.1.0
Check: dependencies in R code
Result: NOTE
Namespace in Imports field not imported from: ‘MASS’
All declared Imports should be used.
Flavors: r-devel-linux-x86_64-fedora-clang, r-devel-linux-x86_64-fedora-gcc
These binaries (installable software) and packages are in development.
They may not be fully stable and should be used with caution. We make no claims about them.