CRAN Package Check Results for Package ReinforcementLearning

Last updated on 2025-04-16 03:50:26 CEST.

Flavor Version Tinstall Tcheck Ttotal Status Flags
r-devel-linux-x86_64-debian-clang 1.0.5 5.70 45.45 51.15 OK
r-devel-linux-x86_64-debian-gcc 1.0.5 4.76 32.11 36.87 OK
r-devel-linux-x86_64-fedora-clang 1.0.5 80.27 NOTE
r-devel-linux-x86_64-fedora-gcc 1.0.5 91.95 NOTE
r-devel-windows-x86_64 1.0.5 8.00 62.00 70.00 OK
r-patched-linux-x86_64 1.0.5 6.30 42.28 48.58 OK
r-release-linux-x86_64 1.0.5 6.24 43.52 49.76 OK
r-release-macos-arm64 1.0.5 55.00 OK
r-release-macos-x86_64 1.0.5 65.00 OK
r-release-windows-x86_64 1.0.5 8.00 62.00 70.00 OK
r-oldrel-macos-arm64 1.0.5 39.00 OK
r-oldrel-macos-x86_64 1.0.5 56.00 OK
r-oldrel-windows-x86_64 1.0.5 11.00 74.00 85.00 OK

Check Details

Version: 1.0.5
Check: dependencies in R code
Result: NOTE Namespace in Imports field not imported from: ‘ggplot2’ All declared Imports should be used. Flavors: r-devel-linux-x86_64-fedora-clang, r-devel-linux-x86_64-fedora-gcc

These binaries (installable software) and packages are in development.
They may not be fully stable and should be used with caution. We make no claims about them.