Last updated on 2025-02-16 10:50:56 CET.
Flavor | Version | Tinstall | Tcheck | Ttotal | Status | Flags |
---|---|---|---|---|---|---|
r-devel-linux-x86_64-debian-clang | 1.0.5 | 7.07 | 43.59 | 50.66 | OK | |
r-devel-linux-x86_64-debian-gcc | 1.0.5 | 5.79 | 33.51 | 39.30 | OK | |
r-devel-linux-x86_64-fedora-clang | 1.0.5 | 82.64 | NOTE | |||
r-devel-linux-x86_64-fedora-gcc | 1.0.5 | 88.54 | NOTE | |||
r-devel-macos-arm64 | 1.0.5 | 42.00 | OK | |||
r-devel-macos-x86_64 | 1.0.5 | 73.00 | OK | |||
r-devel-windows-x86_64 | 1.0.5 | 7.00 | 62.00 | 69.00 | OK | |
r-patched-linux-x86_64 | 1.0.5 | 6.76 | 41.02 | 47.78 | OK | |
r-release-linux-x86_64 | 1.0.5 | 6.37 | 41.92 | 48.29 | OK | |
r-release-macos-arm64 | 1.0.5 | 39.00 | OK | |||
r-release-macos-x86_64 | 1.0.5 | 56.00 | OK | |||
r-release-windows-x86_64 | 1.0.5 | 8.00 | 64.00 | 72.00 | OK | |
r-oldrel-macos-arm64 | 1.0.5 | 47.00 | OK | |||
r-oldrel-macos-x86_64 | 1.0.5 | 57.00 | OK | |||
r-oldrel-windows-x86_64 | 1.0.5 | 12.00 | 76.00 | 88.00 | OK |
Version: 1.0.5
Check: dependencies in R code
Result: NOTE
Namespace in Imports field not imported from: ‘ggplot2’
All declared Imports should be used.
Flavors: r-devel-linux-x86_64-fedora-clang, r-devel-linux-x86_64-fedora-gcc
These binaries (installable software) and packages are in development.
They may not be fully stable and should be used with caution. We make no claims about them.