CRAN Package Check Results for Package Relectoral

Last updated on 2025-10-23 11:50:25 CEST.

Flavor Version Tinstall Tcheck Ttotal Status Flags
r-devel-linux-x86_64-debian-clang 0.1.0 15.59 131.32 146.91 NOTE
r-devel-linux-x86_64-debian-gcc 0.1.0 12.05 97.00 109.05 NOTE
r-devel-linux-x86_64-fedora-clang 0.1.0 118.00 159.89 277.89 NOTE
r-devel-linux-x86_64-fedora-gcc 0.1.0 31.00 210.37 241.37 NOTE
r-devel-windows-x86_64 0.1.0 16.00 125.00 141.00 NOTE
r-patched-linux-x86_64 0.1.0 15.34 126.21 141.55 NOTE
r-release-linux-x86_64 0.1.0 14.78 125.02 139.80 NOTE
r-release-macos-arm64 0.1.0 7.00 55.00 62.00 NOTE
r-release-macos-x86_64 0.1.0 11.00 95.00 106.00 NOTE
r-release-windows-x86_64 0.1.0 16.00 135.00 151.00 NOTE
r-oldrel-macos-arm64 0.1.0 6.00 55.00 61.00 NOTE
r-oldrel-macos-x86_64 0.1.0 9.00 80.00 89.00 NOTE
r-oldrel-windows-x86_64 0.1.0 22.00 163.00 185.00 NOTE

Check Details

Version: 0.1.0
Check: CRAN incoming feasibility
Result: NOTE Maintainer: ‘Miguel Rodríguez Asensio <miguel.rodriguezasensio@gmail.com>’ No Authors@R field in DESCRIPTION. Please add one, modifying Authors@R: person(given = c("Miguel", "Rodríguez"), family = "Asensio", role = c("aut", "cre"), email = "miguel.rodriguezasensio@gmail.com") as necessary. Flavors: r-devel-linux-x86_64-debian-clang, r-devel-linux-x86_64-debian-gcc

Version: 0.1.0
Check: Rd files
Result: NOTE checkRd: (-1) polarizacion_Dalton.Rd:26: Lost braces; missing escapes or markup? 26 | {Pd = sqrt(sum(p_j*(x_j-mean(x_p))/4.5)^2)} | ^ checkRd: (-1) reparto_div.Rd:37: Lost braces; missing escapes or markup? 37 | The set of divisors is formed by the odd numbers, that is {1,3,..,2n+1}. | ^ Flavors: r-devel-linux-x86_64-debian-clang, r-devel-linux-x86_64-debian-gcc, r-devel-linux-x86_64-fedora-clang, r-devel-linux-x86_64-fedora-gcc, r-devel-windows-x86_64, r-patched-linux-x86_64, r-release-linux-x86_64, r-release-macos-arm64, r-release-macos-x86_64, r-release-windows-x86_64, r-oldrel-macos-arm64, r-oldrel-macos-x86_64, r-oldrel-windows-x86_64

Version: 0.1.0
Check: dependencies in R code
Result: NOTE Namespace in Imports field not imported from: ‘rmarkdown’ All declared Imports should be used. Flavors: r-devel-linux-x86_64-fedora-clang, r-devel-linux-x86_64-fedora-gcc

Version: 0.1.0
Check: LazyData
Result: NOTE 'LazyData' is specified without a 'data' directory Flavors: r-oldrel-macos-arm64, r-oldrel-macos-x86_64, r-oldrel-windows-x86_64

These binaries (installable software) and packages are in development.
They may not be fully stable and should be used with caution. We make no claims about them.