Last updated on 2025-02-16 10:50:56 CET.
Flavor | Version | Tinstall | Tcheck | Ttotal | Status | Flags |
---|---|---|---|---|---|---|
r-devel-linux-x86_64-debian-clang | 0.1.0 | 13.83 | 114.95 | 128.78 | NOTE | |
r-devel-linux-x86_64-debian-gcc | 0.1.0 | 10.93 | 85.29 | 96.22 | NOTE | |
r-devel-linux-x86_64-fedora-clang | 0.1.0 | 205.97 | NOTE | |||
r-devel-linux-x86_64-fedora-gcc | 0.1.0 | 205.50 | NOTE | |||
r-devel-macos-arm64 | 0.1.0 | 62.00 | NOTE | |||
r-devel-macos-x86_64 | 0.1.0 | 113.00 | NOTE | |||
r-devel-windows-x86_64 | 0.1.0 | 14.00 | 112.00 | 126.00 | NOTE | |
r-patched-linux-x86_64 | 0.1.0 | 13.48 | 105.69 | 119.17 | NOTE | |
r-release-linux-x86_64 | 0.1.0 | 14.61 | 105.62 | 120.23 | NOTE | |
r-release-macos-arm64 | 0.1.0 | 61.00 | NOTE | |||
r-release-macos-x86_64 | 0.1.0 | 89.00 | NOTE | |||
r-release-windows-x86_64 | 0.1.0 | 15.00 | 112.00 | 127.00 | NOTE | |
r-oldrel-macos-arm64 | 0.1.0 | 61.00 | NOTE | |||
r-oldrel-macos-x86_64 | 0.1.0 | 94.00 | NOTE | |||
r-oldrel-windows-x86_64 | 0.1.0 | 16.00 | 157.00 | 173.00 | NOTE |
Version: 0.1.0
Check: Rd files
Result: NOTE
checkRd: (-1) polarizacion_Dalton.Rd:26: Lost braces; missing escapes or markup?
26 | {Pd = sqrt(sum(p_j*(x_j-mean(x_p))/4.5)^2)}
| ^
checkRd: (-1) reparto_div.Rd:37: Lost braces; missing escapes or markup?
37 | The set of divisors is formed by the odd numbers, that is {1,3,..,2n+1}.
| ^
Flavors: r-devel-linux-x86_64-debian-clang, r-devel-linux-x86_64-debian-gcc, r-devel-linux-x86_64-fedora-clang, r-devel-linux-x86_64-fedora-gcc, r-devel-macos-arm64, r-devel-macos-x86_64, r-devel-windows-x86_64, r-patched-linux-x86_64, r-release-linux-x86_64, r-release-macos-arm64, r-release-macos-x86_64, r-release-windows-x86_64
Version: 0.1.0
Check: dependencies in R code
Result: NOTE
Namespace in Imports field not imported from: ‘rmarkdown’
All declared Imports should be used.
Flavors: r-devel-linux-x86_64-fedora-clang, r-devel-linux-x86_64-fedora-gcc
Version: 0.1.0
Check: LazyData
Result: NOTE
'LazyData' is specified without a 'data' directory
Flavors: r-patched-linux-x86_64, r-release-linux-x86_64, r-release-macos-arm64, r-release-macos-x86_64, r-release-windows-x86_64, r-oldrel-macos-arm64, r-oldrel-macos-x86_64, r-oldrel-windows-x86_64
These binaries (installable software) and packages are in development.
They may not be fully stable and should be used with caution. We make no claims about them.