CRAN Package Check Results for Package ReliabilityTheory

Last updated on 2025-05-01 14:49:20 CEST.

Flavor Version Tinstall Tcheck Ttotal Status Flags
r-devel-linux-x86_64-debian-clang 0.3.1 9.67 121.84 131.51 NOTE
r-devel-linux-x86_64-debian-gcc 0.3.1 5.65 78.62 84.27 OK
r-devel-linux-x86_64-fedora-clang 0.3.1 200.66 OK
r-devel-linux-x86_64-fedora-gcc 0.3.1 186.21 OK
r-devel-windows-x86_64 0.3.1 10.00 120.00 130.00 OK
r-patched-linux-x86_64 0.3.1 9.00 112.73 121.73 OK
r-release-linux-x86_64 OK
r-release-macos-arm64 0.3.1 51.00 OK
r-release-macos-x86_64 0.3.1 97.00 OK
r-release-windows-x86_64 0.3.1 11.00 120.00 131.00 OK
r-oldrel-macos-arm64 0.3.1 56.00 OK
r-oldrel-macos-x86_64 0.3.1 89.00 OK
r-oldrel-windows-x86_64 0.3.1 12.00 153.00 165.00 OK

Check Details

Version: 0.3.1
Check: examples
Result: NOTE Examples with CPU (user + system) or elapsed time > 5s user system elapsed nonParBayesSystemInferencePriorSets 9.441 0.047 11.998 nonParBayesSystemInference 5.664 0.038 6.955 Flavor: r-devel-linux-x86_64-debian-clang

Version: 0.3.1
Check: examples
Result: NA user system elapsed nonParBayesSystemInferencePriorSets 5.034 0.059 5.55 OK Flavor: r-devel-linux-x86_64-debian-gcc

These binaries (installable software) and packages are in development.
They may not be fully stable and should be used with caution. We make no claims about them.