Last updated on 2025-05-01 14:49:20 CEST.
Flavor | Version | Tinstall | Tcheck | Ttotal | Status | Flags |
---|---|---|---|---|---|---|
r-devel-linux-x86_64-debian-clang | 0.3.0 | 2.13 | 37.19 | 39.32 | NOTE | |
r-devel-linux-x86_64-debian-gcc | 0.3.0 | 1.26 | 28.12 | 29.38 | NOTE | |
r-devel-linux-x86_64-fedora-clang | 0.3.0 | 59.09 | OK | |||
r-devel-linux-x86_64-fedora-gcc | 0.3.0 | 56.63 | OK | |||
r-devel-windows-x86_64 | 0.3.0 | 4.00 | 54.00 | 58.00 | OK | |
r-patched-linux-x86_64 | 0.3.0 | 2.27 | 34.66 | 36.93 | OK | |
r-release-linux-x86_64 | OK | |||||
r-release-macos-arm64 | 0.3.0 | 23.00 | OK | |||
r-release-macos-x86_64 | 0.3.0 | 40.00 | OK | |||
r-release-windows-x86_64 | 0.3.0 | 3.00 | 52.00 | 55.00 | OK | |
r-oldrel-macos-arm64 | 0.3.0 | 20.00 | OK | |||
r-oldrel-macos-x86_64 | 0.3.0 | 32.00 | OK | |||
r-oldrel-windows-x86_64 | 0.3.0 | 4.00 | 60.00 | 64.00 | OK |
Version: 0.3.0
Check: CRAN incoming feasibility
Result: NOTE
Maintainer: ‘Michael Hernandez <michael@hernandez.ai>’
No Authors@R field in DESCRIPTION.
Please add one, modifying
Authors@R: c(person(given = "Michael",
family = "Hernandez",
role = c("aut", "cre"),
email = "micahel@hernandez.ai"),
person(given = "Yuri",
family = "Balasanov",
role = "aut"))
as necessary.
Flavors: r-devel-linux-x86_64-debian-clang, r-devel-linux-x86_64-debian-gcc
These binaries (installable software) and packages are in development.
They may not be fully stable and should be used with caution. We make no claims about them.