Last updated on 2025-05-01 12:49:38 CEST.
Flavor | Version | Tinstall | Tcheck | Ttotal | Status | Flags |
---|---|---|---|---|---|---|
r-devel-linux-x86_64-debian-clang | 2.4.0 | 47.84 | 292.61 | 340.45 | NOTE | |
r-devel-linux-x86_64-debian-gcc | 2.4.0 | 32.08 | 207.60 | 239.68 | OK | |
r-devel-linux-x86_64-fedora-clang | 2.4.0 | 591.66 | OK | |||
r-devel-linux-x86_64-fedora-gcc | 2.4.0 | 570.35 | OK | |||
r-devel-windows-x86_64 | 2.4.0 | 46.00 | 265.00 | 311.00 | OK | |
r-patched-linux-x86_64 | 2.4.0 | 42.24 | 275.72 | 317.96 | OK | |
r-release-linux-x86_64 | OK | |||||
r-release-macos-arm64 | 2.4.0 | 102.00 | OK | |||
r-release-macos-x86_64 | 2.4.0 | 433.00 | OK | |||
r-release-windows-x86_64 | 2.4.0 | 47.00 | 265.00 | 312.00 | OK | |
r-oldrel-macos-arm64 | 2.4.0 | 134.00 | OK | |||
r-oldrel-macos-x86_64 | 2.4.0 | 236.00 | OK | |||
r-oldrel-windows-x86_64 | 2.4.0 | 60.00 | 353.00 | 413.00 | OK |
Version: 2.4.0
Check: examples
Result: NOTE
Examples with CPU (user + system) or elapsed time > 5s
user system elapsed
GlobTestMissing 4.235 0.129 5.418
Flavor: r-devel-linux-x86_64-debian-clang
These binaries (installable software) and packages are in development.
They may not be fully stable and should be used with caution. We make no claims about them.