Last updated on 2025-07-02 01:51:48 CEST.
Flavor | Version | Tinstall | Tcheck | Ttotal | Status | Flags |
---|---|---|---|---|---|---|
r-devel-linux-x86_64-debian-clang | 1.2.0 | 9.46 | 76.22 | 85.68 | NOTE | |
r-devel-linux-x86_64-debian-gcc | 1.2.0 | 6.80 | 52.72 | 59.52 | NOTE | |
r-devel-linux-x86_64-fedora-clang | 1.2.0 | 128.47 | OK | |||
r-devel-linux-x86_64-fedora-gcc | 1.2.0 | 120.22 | OK | |||
r-devel-windows-x86_64 | 1.2.0 | 10.00 | 79.00 | 89.00 | OK | |
r-patched-linux-x86_64 | OK | |||||
r-release-linux-x86_64 | 1.2.0 | 8.29 | 69.93 | 78.22 | OK | |
r-release-macos-arm64 | 1.2.0 | 38.00 | OK | |||
r-release-macos-x86_64 | 1.2.0 | 63.00 | OK | |||
r-release-windows-x86_64 | 1.2.0 | 10.00 | 79.00 | 89.00 | OK | |
r-oldrel-macos-arm64 | 1.2.0 | 35.00 | OK | |||
r-oldrel-macos-x86_64 | 1.2.0 | 52.00 | OK | |||
r-oldrel-windows-x86_64 | 1.2.0 | 13.00 | 100.00 | 113.00 | OK |
Version: 1.2.0
Check: CRAN incoming feasibility
Result: NOTE
Maintainer: ‘Maya B. Mathur <mmathur@stanford.edu>’
No Authors@R field in DESCRIPTION.
Please add one, modifying
Authors@R: c(person(given = c("Maya", "B."),
family = "Mathur",
role = c("aut", "cre"),
email = "mmathur@stanford.edu"),
person(given = c("Tyler", "J."),
family = "VanderWeele",
role = "aut"))
as necessary.
Flavors: r-devel-linux-x86_64-debian-clang, r-devel-linux-x86_64-debian-gcc
These binaries (installable software) and packages are in development.
They may not be fully stable and should be used with caution. We make no claims about them.