Last updated on 2025-11-11 15:50:45 CET.
| Flavor | Version | Tinstall | Tcheck | Ttotal | Status | Flags |
|---|---|---|---|---|---|---|
| r-devel-linux-x86_64-debian-clang | 1.2.0 | 8.76 | 83.59 | 92.35 | NOTE | |
| r-devel-linux-x86_64-debian-gcc | 1.2.0 | 7.12 | 61.66 | 68.78 | NOTE | |
| r-devel-linux-x86_64-fedora-clang | 1.2.0 | 18.00 | 123.78 | 141.78 | OK | |
| r-devel-linux-x86_64-fedora-gcc | 1.2.0 | 18.00 | 117.14 | 135.14 | OK | |
| r-devel-windows-x86_64 | 1.2.0 | 11.00 | 85.00 | 96.00 | OK | |
| r-patched-linux-x86_64 | 1.2.0 | 9.80 | 79.71 | 89.51 | OK | |
| r-release-linux-x86_64 | 1.2.0 | 9.94 | 80.70 | 90.64 | OK | |
| r-release-macos-arm64 | 1.2.0 | 4.00 | 34.00 | 38.00 | OK | |
| r-release-macos-x86_64 | 1.2.0 | 8.00 | 55.00 | 63.00 | OK | |
| r-release-windows-x86_64 | 1.2.0 | 11.00 | 84.00 | 95.00 | OK | |
| r-oldrel-macos-arm64 | 1.2.0 | 4.00 | 31.00 | 35.00 | OK | |
| r-oldrel-macos-x86_64 | 1.2.0 | 6.00 | 46.00 | 52.00 | OK | |
| r-oldrel-windows-x86_64 | 1.2.0 | 13.00 | 108.00 | 121.00 | OK |
Version: 1.2.0
Check: CRAN incoming feasibility
Result: NOTE
Maintainer: ‘Maya B. Mathur <mmathur@stanford.edu>’
No Authors@R field in DESCRIPTION.
Please add one, modifying
Authors@R: c(person(given = c("Maya", "B."),
family = "Mathur",
role = c("aut", "cre"),
email = "mmathur@stanford.edu"),
person(given = c("Tyler", "J."),
family = "VanderWeele",
role = "aut"))
as necessary.
Flavors: r-devel-linux-x86_64-debian-clang, r-devel-linux-x86_64-debian-gcc
These binaries (installable software) and packages are in development.
They may not be fully stable and should be used with caution. We make no claims about them.