Last updated on 2025-02-16 10:50:56 CET.
Flavor | Version | Tinstall | Tcheck | Ttotal | Status | Flags |
---|---|---|---|---|---|---|
r-devel-linux-x86_64-debian-clang | 0.1.2 | 3.96 | 33.22 | 37.18 | OK | |
r-devel-linux-x86_64-debian-gcc | 0.1.2 | 2.75 | 24.15 | 26.90 | OK | |
r-devel-linux-x86_64-fedora-clang | 0.1.2 | 60.76 | NOTE | |||
r-devel-linux-x86_64-fedora-gcc | 0.1.2 | 54.88 | NOTE | |||
r-devel-macos-arm64 | 0.1.2 | 22.00 | OK | |||
r-devel-macos-x86_64 | 0.1.2 | 37.00 | OK | |||
r-devel-windows-x86_64 | 0.1.2 | 6.00 | 52.00 | 58.00 | OK | |
r-patched-linux-x86_64 | 0.1.2 | 3.80 | 30.94 | 34.74 | OK | |
r-release-linux-x86_64 | 0.1.2 | 3.37 | 30.87 | 34.24 | OK | |
r-release-macos-arm64 | 0.1.2 | 27.00 | OK | |||
r-release-macos-x86_64 | 0.1.2 | 42.00 | OK | |||
r-release-windows-x86_64 | 0.1.2 | 6.00 | 53.00 | 59.00 | OK | |
r-oldrel-macos-arm64 | 0.1.2 | 25.00 | OK | |||
r-oldrel-macos-x86_64 | 0.1.2 | 41.00 | OK | |||
r-oldrel-windows-x86_64 | 0.1.2 | 6.00 | 63.00 | 69.00 | OK |
Version: 0.1.2
Check: dependencies in R code
Result: NOTE
Namespace in Imports field not imported from: ‘tidyselect’
All declared Imports should be used.
Flavors: r-devel-linux-x86_64-fedora-clang, r-devel-linux-x86_64-fedora-gcc
These binaries (installable software) and packages are in development.
They may not be fully stable and should be used with caution. We make no claims about them.