Last updated on 2025-07-02 01:51:48 CEST.
Flavor | Version | Tinstall | Tcheck | Ttotal | Status | Flags |
---|---|---|---|---|---|---|
r-devel-linux-x86_64-debian-clang | 0.1.9 | 10.46 | 102.78 | 113.24 | OK | |
r-devel-linux-x86_64-debian-gcc | 0.1.9 | 6.04 | 72.08 | 78.12 | OK | |
r-devel-linux-x86_64-fedora-clang | 0.1.9 | 105.52 | OK | |||
r-devel-linux-x86_64-fedora-gcc | 0.1.9 | 190.86 | OK | |||
r-devel-windows-x86_64 | 0.1.9 | 12.00 | 121.00 | 133.00 | OK | |
r-patched-linux-x86_64 | OK | |||||
r-release-linux-x86_64 | 0.1.9 | 10.62 | 95.07 | 105.69 | OK | |
r-release-macos-arm64 | 0.1.9 | 56.00 | OK | |||
r-release-macos-x86_64 | 0.1.9 | 107.00 | OK | |||
r-release-windows-x86_64 | 0.1.9 | 13.00 | 123.00 | 136.00 | OK | |
r-oldrel-macos-arm64 | 0.1.9 | 57.00 | OK | |||
r-oldrel-macos-x86_64 | 0.1.9 | 111.00 | NOTE | |||
r-oldrel-windows-x86_64 | 0.1.9 | 17.00 | 147.00 | 164.00 | OK |
Version: 0.1.9
Check: package dependencies
Result: NOTE
Packages suggested but not available for checking: 'PADOG', 'safe'
Flavor: r-oldrel-macos-x86_64
Version: 0.1.9
Check: Rd cross-references
Result: NOTE
Packages unavailable to check Rd xrefs: ‘PADOG’, ‘safe’
Flavor: r-oldrel-macos-x86_64
These binaries (installable software) and packages are in development.
They may not be fully stable and should be used with caution. We make no claims about them.