Last updated on 2024-07-27 15:50:31 CEST.
Flavor | Version | Tinstall | Tcheck | Ttotal | Status | Flags |
---|---|---|---|---|---|---|
r-devel-linux-x86_64-debian-clang | 0.3.1 | 8.73 | 232.36 | 241.09 | OK | |
r-devel-linux-x86_64-debian-gcc | 0.3.1 | OK | ||||
r-devel-linux-x86_64-fedora-clang | 0.3.1 | 278.91 | OK | |||
r-devel-linux-x86_64-fedora-gcc | 1.0.0 | 702.67 | ERROR | |||
r-devel-windows-x86_64 | 0.3.1 | 7.00 | 84.00 | 91.00 | OK | |
r-patched-linux-x86_64 | 0.3.1 | OK | ||||
r-release-linux-x86_64 | 0.3.1 | 8.64 | 231.66 | 240.30 | OK | |
r-release-macos-arm64 | 0.3.1 | 52.00 | OK | |||
r-release-macos-x86_64 | 1.0.0 | 210.00 | OK | |||
r-release-windows-x86_64 | 0.3.1 | 9.00 | 84.00 | 93.00 | OK | |
r-oldrel-macos-arm64 | 0.3.1 | 58.00 | OK | |||
r-oldrel-macos-x86_64 | 1.0.0 | 161.00 | OK | |||
r-oldrel-windows-x86_64 | 0.3.1 | 10.00 | 94.00 | 104.00 | OK |
Version: 1.0.0
Check: tests
Result: ERROR
Running ‘testthat.R’ [9m/11m]
Running the tests in ‘tests/testthat.R’ failed.
Complete output:
> # This file is part of the standard setup for testthat.
> # It is recommended that you do not modify it.
> #
> # Where should you do additional test configuration?
> # Learn more about the roles of various files in:
> # * https://r-pkgs.org/testing-design.html#sec-tests-files-overview
> # * https://testthat.r-lib.org/articles/special-files.html
>
> library(Require)
> library(testthat)
Attaching package: 'testthat'
The following object is masked from 'package:Require':
setup
> test_check("Require")
Error in messagesAboutWarnings(w, toInstall, returnDetails = returnDetails, :
package failed: rlang; retrying ...
Error in messagesAboutWarnings(w, toInstall, returnDetails = returnDetails, :
package failed: rlang; retrying ...
Error in messagesAboutWarnings(w, toInstall, returnDetails = returnDetails, :
package failed: rlang; retrying ...
Error in messagesAboutWarnings(w, toInstall, returnDetails = returnDetails, :
package failed: crayon; retrying ...
Error in messagesAboutWarnings(w, toInstall, returnDetails = returnDetails, :
package failed: crayon; retrying ...
Error in messagesAboutWarnings(w, toInstall, returnDetails = returnDetails, :
package failed: crayon; retrying ...
Error in messagesAboutWarnings(w, toInstall, returnDetails = returnDetails, :
package failed: fpCompare; retrying ...
Error in messagesAboutWarnings(w, toInstall, returnDetails = returnDetails, :
package failed: fpCompare; retrying ...
Error in messagesAboutWarnings(w, toInstall, returnDetails = returnDetails, :
package failed: fpCompare; retrying ...
Error in messagesAboutWarnings(w, toInstall, returnDetails = returnDetails, :
package failed: data.table; retrying ...
Error in messagesAboutWarnings(w, toInstall, returnDetails = returnDetails, :
package failed: data.table; retrying ...
Error in messagesAboutWarnings(w, toInstall, returnDetails = returnDetails, :
package failed: data.table; retrying ...
Error in messagesAboutWarnings(w, toInstall, returnDetails = returnDetails, :
package failed: Require; retrying ...
Error in messagesAboutWarnings(w, toInstall, returnDetails = returnDetails, :
package failed: Require; retrying ...
Error in messagesAboutWarnings(w, toInstall, returnDetails = returnDetails, :
package failed: Require; retrying ...
[ FAIL 5 | WARN 8 | SKIP 7 | PASS 55 ]
══ Skipped tests (7) ═══════════════════════════════════════════════════════════
• On CRAN (2): 'test-05packagesLong_testthat.R:3:3',
'test-06pkgDep_testthat.R:3:3'
• empty test (5): 'test-07pkgSnapshotLong_testthat.R:1:1',
'test-08modules_testthat.R:1:1', 'test-09pkgSnapshotLong_testthat.R:1:1',
'test-10DifferentPkgs_testthat.R:1:1', 'test-11misc_testthat.R:1:1'
══ Failed tests ════════════════════════════════════════════════════════════════
── Error ('test-00pkgSnapshot_testthat.R:143:5'): test 1 ───────────────────────
Error in `matrix(unlist(deps), ncol = length(deps))`: 'data' must be of a vector type, was 'NULL'
Backtrace:
▆
1. └─Require::pkgSnapshot(...) at test-00pkgSnapshot_testthat.R:143:5
2. └─Require:::doInstalledPackages(libPaths, purge, includeBase)
3. ├─data.table::as.data.table(...)
4. └─Require:::.installed.pkgs(...)
5. └─base::lapply(...)
6. └─Require (local) FUN(X[[i]], ...)
7. ├─base::cbind(mat, matrix(unlist(deps), ncol = length(deps)))
8. └─base::matrix(unlist(deps), ncol = length(deps))
── Failure ('test-01packages_testthat.R:36:3'): test 1 ─────────────────────────
all(grepl("was built under", warns)) is not TRUE
`actual`: FALSE
`expected`: TRUE
── Failure ('test-01packages_testthat.R:42:3'): test 1 ─────────────────────────
{
...
} is not TRUE
`actual`: FALSE
`expected`: TRUE
── Failure ('test-01packages_testthat.R:52:3'): test 1 ─────────────────────────
{
...
} is not TRUE
`actual`: FALSE
`expected`: TRUE
── Error ('test-01packages_testthat.R:73:3'): test 1 ───────────────────────────
<packageNotFoundError/error/condition>
Error in `find.package(pkgs, lib)`: there is no package called 'fpCompare'
Backtrace:
▆
1. ├─base::suppressMessages(remove.packages("fpCompare", lib = dir1)) at test-01packages_testthat.R:73:3
2. │ └─base::withCallingHandlers(...)
3. └─utils::remove.packages("fpCompare", lib = dir1)
4. └─base::find.package(pkgs, lib)
[ FAIL 5 | WARN 8 | SKIP 7 | PASS 55 ]
Error: Test failures
Execution halted
Flavor: r-devel-linux-x86_64-fedora-gcc
These binaries (installable software) and packages are in development.
They may not be fully stable and should be used with caution. We make no claims about them.