CRAN Package Check Results for Package Require

Last updated on 2025-10-23 11:50:25 CEST.

Flavor Version Tinstall Tcheck Ttotal Status Flags
r-devel-linux-x86_64-debian-clang 1.0.1 12.91 121.15 134.06 NOTE
r-devel-linux-x86_64-debian-gcc 1.0.1 8.59 86.45 95.04 NOTE
r-devel-linux-x86_64-fedora-clang 1.0.1 98.00 76.97 174.97 NOTE
r-devel-linux-x86_64-fedora-gcc 1.0.1 28.00 121.52 149.52 NOTE
r-devel-windows-x86_64 1.0.1 12.00 141.00 153.00 NOTE
r-patched-linux-x86_64 1.0.1 12.68 122.18 134.86 NOTE
r-release-linux-x86_64 1.0.1 11.17 116.53 127.70 NOTE
r-release-macos-arm64 1.0.1 5.00 54.00 59.00 NOTE
r-release-macos-x86_64 1.0.1 11.00 82.00 93.00 NOTE
r-release-windows-x86_64 1.0.1 11.00 147.00 158.00 NOTE
r-oldrel-macos-arm64 1.0.1 5.00 61.00 66.00 OK
r-oldrel-macos-x86_64 1.0.1 18.00 143.00 161.00 OK
r-oldrel-windows-x86_64 1.0.1 14.00 160.00 174.00 OK

Check Details

Version: 1.0.1
Check: DESCRIPTION meta-information
Result: NOTE Missing dependency on R >= 4.1.0 because package code uses the pipe |> or function shorthand \(...) syntax added in R 4.1.0. File(s) using such syntax: ‘Require2.R’ ‘helpers.R’ ‘pak.R’ ‘pkgDep3.R’ Flavors: r-devel-linux-x86_64-debian-clang, r-devel-linux-x86_64-debian-gcc, r-devel-linux-x86_64-fedora-clang, r-devel-linux-x86_64-fedora-gcc, r-devel-windows-x86_64, r-patched-linux-x86_64, r-release-linux-x86_64, r-release-macos-arm64, r-release-macos-x86_64, r-release-windows-x86_64

Version: 1.0.1
Check: HTML version of manual
Result: NOTE Found the following HTML validation problems: availablePackagesOverride.html:84:1 (availablePackagesOverride.Rd:38): Warning: missing </ul> before </div> availableVersionOK.html:46:1 (availableVersionOK.Rd:10): Warning: missing </ul> before </div> checkLibPaths.html:66:1 (checkLibPaths.Rd:24): Warning: missing </ul> before </div> chooseCRANmirror2.html:46:1 (chooseCRANmirror2.Rd:10): Warning: missing </ul> before </div> clearRequire.html:86:1 (clearRequire.Rd:43): Warning: missing </ul> before </div> dealWithMissingLibPaths.html:71:1 (dealWithMissingLibPaths.Rd:31): Warning: missing </ul> before </div> doLibPaths.html:63:1 (doLibPaths.Rd:25): Warning: missing </ul> before </div> dot-installed.pkgs.html:99:1 (dot-installed.pkgs.Rd:49): Warning: missing </ul> before </div> envPkgCreate.html:47:1 (envPkgCreate.Rd:11): Warning: missing </ul> before </div> getCRANrepos.html:53:1 (getCRANrepos.Rd:12): Warning: missing </ul> before </div> linkOrCopy.html:55:1 (linkOrCopy.Rd:16): Warning: missing </ul> before </div> rmBase.html:52:1 (rmBase.Rd:14): Warning: missing </ul> before </div> setLinuxBinaryRepo.html:56:1 (setLinuxBinaryRepo.Rd:15): Warning: missing </ul> before </div> setup.html:94:1 (setup.Rd:44): Warning: missing </ul> before </div> Flavor: r-devel-linux-x86_64-debian-clang

These binaries (installable software) and packages are in development.
They may not be fully stable and should be used with caution. We make no claims about them.