CRAN Package Check Results for Package Require

Last updated on 2025-07-26 07:50:32 CEST.

Flavor Version Tinstall Tcheck Ttotal Status Flags
r-devel-linux-x86_64-debian-clang 1.0.1 12.37 119.28 131.65 NOTE
r-devel-linux-x86_64-debian-gcc 1.0.1 7.13 80.14 87.27 NOTE
r-devel-linux-x86_64-fedora-clang 1.0.1 149.55 NOTE
r-devel-linux-x86_64-fedora-gcc 1.0.1 149.46 NOTE
r-devel-windows-x86_64 1.0.1 14.00 133.00 147.00 NOTE
r-patched-linux-x86_64 1.0.1 13.15 118.37 131.52 NOTE
r-release-linux-x86_64 1.0.1 10.81 113.08 123.89 NOTE
r-release-macos-arm64 1.0.1 59.00 NOTE
r-release-macos-x86_64 1.0.1 93.00 NOTE
r-release-windows-x86_64 1.0.1 12.00 132.00 144.00 NOTE
r-oldrel-macos-arm64 1.0.1 66.00 OK
r-oldrel-macos-x86_64 1.0.1 161.00 OK
r-oldrel-windows-x86_64 1.0.1 16.00 148.00 164.00 OK

Check Details

Version: 1.0.1
Check: DESCRIPTION meta-information
Result: NOTE Missing dependency on R >= 4.1.0 because package code uses the pipe |> or function shorthand \(...) syntax added in R 4.1.0. File(s) using such syntax: ‘Require2.R’ ‘helpers.R’ ‘pak.R’ ‘pkgDep3.R’ Flavors: r-devel-linux-x86_64-debian-clang, r-devel-linux-x86_64-debian-gcc, r-devel-linux-x86_64-fedora-clang, r-devel-linux-x86_64-fedora-gcc, r-devel-windows-x86_64, r-patched-linux-x86_64, r-release-linux-x86_64, r-release-macos-arm64, r-release-macos-x86_64, r-release-windows-x86_64

These binaries (installable software) and packages are in development.
They may not be fully stable and should be used with caution. We make no claims about them.