Last updated on 2025-07-02 03:50:50 CEST.
Flavor | Version | Tinstall | Tcheck | Ttotal | Status | Flags |
---|---|---|---|---|---|---|
r-devel-linux-x86_64-debian-clang | 2.1.8 | 11.05 | 111.45 | 122.50 | NOTE | |
r-devel-linux-x86_64-debian-gcc | 2.1.8 | 8.15 | 81.56 | 89.71 | NOTE | |
r-devel-linux-x86_64-fedora-clang | 2.1.8 | 182.67 | OK | |||
r-devel-linux-x86_64-fedora-gcc | 2.1.8 | 187.28 | OK | |||
r-devel-windows-x86_64 | 2.1.8 | 12.00 | 113.00 | 125.00 | OK | |
r-patched-linux-x86_64 | OK | |||||
r-release-linux-x86_64 | 2.1.8 | 10.23 | 103.64 | 113.87 | OK | |
r-release-macos-arm64 | 2.1.8 | 64.00 | OK | |||
r-release-macos-x86_64 | 2.1.8 | 117.00 | OK | |||
r-release-windows-x86_64 | 2.1.8 | 12.00 | 113.00 | 125.00 | OK | |
r-oldrel-macos-arm64 | 2.1.8 | 52.00 | OK | |||
r-oldrel-macos-x86_64 | 2.1.8 | 85.00 | OK | |||
r-oldrel-windows-x86_64 | 2.1.8 | 15.00 | 139.00 | 154.00 | OK |
Version: 2.1.8
Check: CRAN incoming feasibility
Result: NOTE
Maintainer: ‘Shangzhi Hong <shangzhi-hong@hotmail.com>’
The Description field contains
<arXiv:2004.14823>.
Please refer to arXiv e-prints via their arXiv DOI <doi:10.48550/arXiv.YYMM.NNNNN>.
Flavors: r-devel-linux-x86_64-debian-clang, r-devel-linux-x86_64-debian-gcc
These binaries (installable software) and packages are in development.
They may not be fully stable and should be used with caution. We make no claims about them.