CRAN Package Check Results for Package RfEmpImp

Last updated on 2025-10-03 11:50:58 CEST.

Flavor Version Tinstall Tcheck Ttotal Status Flags
r-devel-linux-x86_64-debian-clang 2.1.8 11.67 111.33 123.00 NOTE
r-devel-linux-x86_64-debian-gcc 2.1.8 8.06 80.28 88.34 NOTE
r-devel-linux-x86_64-fedora-clang 2.1.8 217.37 OK
r-devel-linux-x86_64-fedora-gcc 2.1.8 191.50 OK
r-devel-windows-x86_64 2.1.8 12.00 114.00 126.00 OK
r-patched-linux-x86_64 2.1.8 10.66 104.23 114.89 OK
r-release-linux-x86_64 2.1.8 10.71 104.98 115.69 OK
r-release-macos-arm64 2.1.8 64.00 OK
r-release-macos-x86_64 2.1.8 117.00 OK
r-release-windows-x86_64 2.1.8 13.00 116.00 129.00 OK
r-oldrel-macos-arm64 2.1.8 52.00 OK
r-oldrel-macos-x86_64 2.1.8 85.00 OK
r-oldrel-windows-x86_64 2.1.8 16.00 142.00 158.00 OK

Check Details

Version: 2.1.8
Check: CRAN incoming feasibility
Result: NOTE Maintainer: ‘Shangzhi Hong <shangzhi-hong@hotmail.com>’ The Description field contains <arXiv:2004.14823>. Please refer to arXiv e-prints via their arXiv DOI <doi:10.48550/arXiv.YYMM.NNNNN>. Flavors: r-devel-linux-x86_64-debian-clang, r-devel-linux-x86_64-debian-gcc

These binaries (installable software) and packages are in development.
They may not be fully stable and should be used with caution. We make no claims about them.