CRAN Package Check Results for Package Rfast2

Last updated on 2025-05-08 04:52:16 CEST.

Flavor Version Tinstall Tcheck Ttotal Status Flags
r-devel-linux-x86_64-debian-clang 0.1.5.4 419.66 69.68 489.34 OK
r-devel-linux-x86_64-debian-gcc 0.1.5.4 317.75 49.38 367.13 OK
r-devel-linux-x86_64-fedora-clang 0.1.5.4 1027.55 OK
r-devel-linux-x86_64-fedora-gcc 0.1.5.4 1111.52 OK
r-devel-windows-x86_64 0.1.5.4 530.00 139.00 669.00 OK
r-patched-linux-x86_64 0.1.5.4 451.50 64.77 516.27 OK
r-release-linux-x86_64 0.1.5.4 437.36 65.80 503.16 OK
r-release-macos-arm64 0.1.5.4 178.00 OK
r-release-macos-x86_64 0.1.5.4 161.00 OK
r-release-windows-x86_64 0.1.5.4 536.00 139.00 675.00 OK
r-oldrel-macos-arm64 0.1.5.4 173.00 NOTE
r-oldrel-macos-x86_64 0.1.5.4 165.00 NOTE
r-oldrel-windows-x86_64 0.1.5.4 358.00 167.00 525.00 OK

Check Details

Version: 0.1.5.4
Check: installed package size
Result: NOTE installed size is 25.9Mb sub-directories of 1Mb or more: libs 25.0Mb Flavors: r-oldrel-macos-arm64, r-oldrel-macos-x86_64

These binaries (installable software) and packages are in development.
They may not be fully stable and should be used with caution. We make no claims about them.