CRAN Package Check Results for Package Rfast2

Last updated on 2025-07-22 19:51:59 CEST.

Flavor Version Tinstall Tcheck Ttotal Status Flags
r-devel-linux-x86_64-debian-clang 0.1.5.4 411.82 70.24 482.06 OK
r-devel-linux-x86_64-debian-gcc 0.1.5.4 312.62 49.17 361.79 OK
r-devel-linux-x86_64-fedora-clang 0.1.5.4 933.83 OK
r-devel-linux-x86_64-fedora-gcc 0.1.5.4 931.44 OK
r-devel-windows-x86_64 0.1.5.4 530.00 137.00 667.00 OK
r-patched-linux-x86_64 0.1.5.4 454.27 65.88 520.15 OK
r-release-linux-x86_64 0.1.5.4 462.45 65.32 527.77 OK
r-release-macos-arm64 0.1.5.4 178.00 OK
r-release-macos-x86_64 0.1.5.4 161.00 OK
r-release-windows-x86_64 0.1.5.4 524.00 163.00 687.00 OK
r-oldrel-macos-arm64 0.1.5.4 173.00 NOTE
r-oldrel-macos-x86_64 0.1.5.4 165.00 NOTE
r-oldrel-windows-x86_64 0.1.5.4 609.00 165.00 774.00 OK

Check Details

Version: 0.1.5.4
Check: installed package size
Result: NOTE installed size is 25.9Mb sub-directories of 1Mb or more: libs 25.0Mb Flavors: r-oldrel-macos-arm64, r-oldrel-macos-x86_64

These binaries (installable software) and packages are in development.
They may not be fully stable and should be used with caution. We make no claims about them.