CRAN Package Check Results for Package Rfit

Last updated on 2025-05-23 15:49:25 CEST.

Flavor Version Tinstall Tcheck Ttotal Status Flags
r-devel-linux-x86_64-debian-clang 0.27.0 4.42 30.18 34.60 NOTE
r-devel-linux-x86_64-debian-gcc 0.27.0 3.10 23.47 26.57 NOTE
r-devel-linux-x86_64-fedora-clang 0.27.0 54.64 OK
r-devel-linux-x86_64-fedora-gcc 0.27.0 51.37 OK
r-devel-windows-x86_64 0.27.0 8.00 60.00 68.00 OK
r-patched-linux-x86_64 0.27.0 4.57 28.48 33.05 OK
r-release-linux-x86_64 0.27.0 3.40 28.87 32.27 OK
r-release-macos-arm64 0.27.0 20.00 OK
r-release-macos-x86_64 0.27.0 37.00 OK
r-release-windows-x86_64 0.27.0 8.00 182.00 190.00 OK
r-oldrel-macos-arm64 0.27.0 26.00 OK
r-oldrel-macos-x86_64 0.27.0 31.00 OK
r-oldrel-windows-x86_64 0.27.0 8.00 63.00 71.00 OK

Check Details

Version: 0.27.0
Check: CRAN incoming feasibility
Result: NOTE Maintainer: ‘John Kloke <johndkloke@gmail.com>’ No Authors@R field in DESCRIPTION. Please add one, modifying Authors@R: c(person(given = "John", family = "Kloke", role = c("aut", "cre"), email = "johndkloke@gmail.com"), person(given = "Joseph", family = "McKean", role = "aut")) as necessary. Flavors: r-devel-linux-x86_64-debian-clang, r-devel-linux-x86_64-debian-gcc

These binaries (installable software) and packages are in development.
They may not be fully stable and should be used with caution. We make no claims about them.