Last updated on 2025-10-03 03:50:55 CEST.
Flavor | Version | Tinstall | Tcheck | Ttotal | Status | Flags |
---|---|---|---|---|---|---|
r-devel-linux-x86_64-debian-clang | 3.2.0 | 88.20 | 204.60 | 292.80 | OK | |
r-devel-linux-x86_64-debian-gcc | 3.2.0 | 52.36 | 141.16 | 193.52 | OK | |
r-devel-linux-x86_64-fedora-clang | 3.2.0 | 506.20 | OK | |||
r-devel-linux-x86_64-fedora-gcc | 3.2.0 | 457.47 | OK | |||
r-devel-windows-x86_64 | 3.2.0 | 97.00 | 210.00 | 307.00 | OK | |
r-patched-linux-x86_64 | 3.2.0 | 79.73 | 190.89 | 270.62 | OK | |
r-release-linux-x86_64 | 3.2.0 | 79.94 | 191.08 | 271.02 | OK | |
r-release-macos-arm64 | 3.2.0 | 73.00 | OK | |||
r-release-macos-x86_64 | 3.2.0 | 128.00 | OK | |||
r-release-windows-x86_64 | 3.2.0 | 97.00 | 212.00 | 309.00 | OK | |
r-oldrel-macos-arm64 | 3.2.0 | 94.00 | NOTE | |||
r-oldrel-macos-x86_64 | 3.2.0 | 133.00 | NOTE | |||
r-oldrel-windows-x86_64 | 3.2.0 | 117.00 | 273.00 | 390.00 | OK |
Version: 3.2.0
Check: installed package size
Result: NOTE
installed size is 7.8Mb
sub-directories of 1Mb or more:
libs 6.9Mb
Flavors: r-oldrel-macos-arm64, r-oldrel-macos-x86_64
These binaries (installable software) and packages are in development.
They may not be fully stable and should be used with caution. We make no claims about them.