Last updated on 2025-11-12 12:53:20 CET.
| Flavor | Version | Tinstall | Tcheck | Ttotal | Status | Flags |
|---|---|---|---|---|---|---|
| r-devel-linux-x86_64-debian-clang | 3.2.0 | 86.88 | 206.00 | 292.88 | OK | |
| r-devel-linux-x86_64-debian-gcc | 3.2.0 | 54.33 | 144.51 | 198.84 | OK | |
| r-devel-linux-x86_64-fedora-clang | 3.2.0 | 115.00 | 377.70 | 492.70 | OK | |
| r-devel-linux-x86_64-fedora-gcc | 3.2.0 | 127.00 | 313.27 | 440.27 | OK | |
| r-devel-windows-x86_64 | 3.2.0 | 100.00 | 213.00 | 313.00 | OK | |
| r-patched-linux-x86_64 | 3.2.0 | 76.38 | 191.25 | 267.63 | OK | |
| r-release-linux-x86_64 | 3.2.0 | 79.72 | 190.96 | 270.68 | OK | |
| r-release-macos-arm64 | 3.2.0 | 23.00 | 50.00 | 73.00 | OK | |
| r-release-macos-x86_64 | 3.2.0 | 30.00 | 98.00 | 128.00 | OK | |
| r-release-windows-x86_64 | 3.2.0 | 96.00 | 211.00 | 307.00 | OK | |
| r-oldrel-macos-arm64 | 3.2.0 | 29.00 | 65.00 | 94.00 | NOTE | |
| r-oldrel-macos-x86_64 | 3.2.0 | 30.00 | 103.00 | 133.00 | NOTE | |
| r-oldrel-windows-x86_64 | 3.2.0 | 120.00 | 268.00 | 388.00 | OK |
Version: 3.2.0
Check: installed package size
Result: NOTE
installed size is 7.8Mb
sub-directories of 1Mb or more:
libs 6.9Mb
Flavors: r-oldrel-macos-arm64, r-oldrel-macos-x86_64
These binaries (installable software) and packages are in development.
They may not be fully stable and should be used with caution. We make no claims about them.