Last updated on 2024-07-27 15:50:31 CEST.
Flavor | Version | Tinstall | Tcheck | Ttotal | Status | Flags |
---|---|---|---|---|---|---|
r-devel-linux-x86_64-debian-clang | 3.1.0 | 111.83 | 230.40 | 342.23 | OK | |
r-devel-linux-x86_64-debian-gcc | 3.1.0 | NOTE | ||||
r-devel-linux-x86_64-fedora-clang | 3.1.0 | 476.76 | NOTE | |||
r-devel-linux-x86_64-fedora-gcc | 3.1.0 | 443.02 | NOTE | |||
r-devel-windows-x86_64 | 3.1.0 | 93.00 | 198.00 | 291.00 | NOTE | |
r-patched-linux-x86_64 | 3.1.0 | OK | ||||
r-release-linux-x86_64 | 3.1.0 | 76.40 | 221.06 | 297.46 | OK | |
r-release-macos-arm64 | 3.1.0 | 113.00 | NOTE | |||
r-release-macos-x86_64 | 3.1.0 | 166.00 | NOTE | |||
r-release-windows-x86_64 | 3.1.0 | 106.00 | 194.00 | 300.00 | OK | |
r-oldrel-macos-arm64 | 3.1.0 | 105.00 | NOTE | |||
r-oldrel-macos-x86_64 | 3.1.0 | 194.00 | NOTE | |||
r-oldrel-windows-x86_64 | 3.1.0 | 114.00 | 254.00 | 368.00 | OK |
Version: 3.1.0
Check: Rd cross-references
Result: NOTE
Found the following Rd file(s) with Rd \link{} targets missing package
anchors:
as.funts.Rd: fd, fts, create.bspline.basis
Please provide package anchors for all Rd \link{} targets not in the
package itself and the base packages.
Flavors: r-devel-linux-x86_64-debian-gcc, r-devel-windows-x86_64
Version: 3.1.0
Check: data for non-ASCII characters
Result: NOTE
Note: found 1 marked UTF-8 string
Flavors: r-devel-linux-x86_64-fedora-clang, r-devel-linux-x86_64-fedora-gcc
Version: 3.1.0
Check: installed package size
Result: NOTE
installed size is 7.6Mb
sub-directories of 1Mb or more:
libs 6.8Mb
Flavors: r-release-macos-arm64, r-release-macos-x86_64, r-oldrel-macos-arm64, r-oldrel-macos-x86_64
These binaries (installable software) and packages are in development.
They may not be fully stable and should be used with caution. We make no claims about them.