Last updated on 2025-05-08 04:52:16 CEST.
Flavor | Version | Tinstall | Tcheck | Ttotal | Status | Flags |
---|---|---|---|---|---|---|
r-devel-linux-x86_64-debian-clang | 3.1.0 | 83.16 | 191.05 | 274.21 | NOTE | |
r-devel-linux-x86_64-debian-gcc | 3.1.0 | 58.94 | 130.49 | 189.43 | NOTE | |
r-devel-linux-x86_64-fedora-clang | 3.1.0 | 491.93 | OK | |||
r-devel-linux-x86_64-fedora-gcc | 3.1.0 | 450.77 | OK | |||
r-devel-windows-x86_64 | 3.1.0 | 96.00 | 202.00 | 298.00 | NOTE | |
r-patched-linux-x86_64 | 3.1.0 | 75.01 | 175.74 | 250.75 | NOTE | |
r-release-linux-x86_64 | 3.1.0 | 74.73 | 176.18 | 250.91 | NOTE | |
r-release-macos-arm64 | 3.1.0 | 106.00 | OK | |||
r-release-macos-x86_64 | 3.1.0 | 197.00 | OK | |||
r-release-windows-x86_64 | 3.1.0 | 97.00 | 200.00 | 297.00 | NOTE | |
r-oldrel-macos-arm64 | 3.1.0 | 113.00 | NOTE | |||
r-oldrel-macos-x86_64 | 3.1.0 | 166.00 | NOTE | |||
r-oldrel-windows-x86_64 | 3.1.0 | 117.00 | 252.00 | 369.00 | OK |
Version: 3.1.0
Check: Rd cross-references
Result: NOTE
Found the following Rd file(s) with Rd \link{} targets missing package
anchors:
as.funts.Rd: fd, fts, create.bspline.basis
Please provide package anchors for all Rd \link{} targets not in the
package itself and the base packages.
Flavors: r-devel-linux-x86_64-debian-clang, r-devel-linux-x86_64-debian-gcc, r-devel-windows-x86_64, r-patched-linux-x86_64, r-release-linux-x86_64, r-release-windows-x86_64
Version: 3.1.0
Check: installed package size
Result: NOTE
installed size is 7.6Mb
sub-directories of 1Mb or more:
libs 6.8Mb
Flavors: r-oldrel-macos-arm64, r-oldrel-macos-x86_64
These binaries (installable software) and packages are in development.
They may not be fully stable and should be used with caution. We make no claims about them.