Last updated on 2025-02-16 10:50:56 CET.
Flavor | Version | Tinstall | Tcheck | Ttotal | Status | Flags |
---|---|---|---|---|---|---|
r-devel-linux-x86_64-debian-clang | 3.1.0 | 89.54 | 179.44 | 268.98 | NOTE | |
r-devel-linux-x86_64-debian-gcc | 3.1.0 | 59.17 | 124.37 | 183.54 | NOTE | |
r-devel-linux-x86_64-fedora-clang | 3.1.0 | 499.43 | OK | |||
r-devel-linux-x86_64-fedora-gcc | 3.1.0 | 445.03 | OK | |||
r-devel-macos-arm64 | 3.1.0 | 104.00 | OK | |||
r-devel-macos-x86_64 | 3.1.0 | 197.00 | OK | |||
r-devel-windows-x86_64 | 3.1.0 | 91.00 | 207.00 | 298.00 | NOTE | |
r-patched-linux-x86_64 | 3.1.0 | 87.35 | 166.43 | 253.78 | OK | |
r-release-linux-x86_64 | 3.1.0 | 76.05 | 166.73 | 242.78 | OK | |
r-release-macos-arm64 | 3.1.0 | 113.00 | NOTE | |||
r-release-macos-x86_64 | 3.1.0 | 166.00 | NOTE | |||
r-release-windows-x86_64 | 3.1.0 | 86.00 | 195.00 | 281.00 | OK | |
r-oldrel-macos-arm64 | 3.1.0 | 105.00 | NOTE | |||
r-oldrel-macos-x86_64 | 3.1.0 | 194.00 | NOTE | |||
r-oldrel-windows-x86_64 | 3.1.0 | 111.00 | 240.00 | 351.00 | OK |
Version: 3.1.0
Check: Rd cross-references
Result: NOTE
Found the following Rd file(s) with Rd \link{} targets missing package
anchors:
as.funts.Rd: fd, fts, create.bspline.basis
Please provide package anchors for all Rd \link{} targets not in the
package itself and the base packages.
Flavors: r-devel-linux-x86_64-debian-clang, r-devel-linux-x86_64-debian-gcc, r-devel-windows-x86_64
Version: 3.1.0
Check: installed package size
Result: NOTE
installed size is 7.6Mb
sub-directories of 1Mb or more:
libs 6.8Mb
Flavors: r-release-macos-arm64, r-release-macos-x86_64, r-oldrel-macos-arm64, r-oldrel-macos-x86_64
These binaries (installable software) and packages are in development.
They may not be fully stable and should be used with caution. We make no claims about them.