Last updated on 2025-11-11 15:50:45 CET.
| Flavor | Version | Tinstall | Tcheck | Ttotal | Status | Flags |
|---|---|---|---|---|---|---|
| r-devel-linux-x86_64-debian-clang | 1.1.4 | 5.21 | 46.43 | 51.64 | NOTE | |
| r-devel-linux-x86_64-debian-gcc | 1.1.4 | 4.40 | 33.15 | 37.55 | NOTE | |
| r-devel-linux-x86_64-fedora-clang | 1.1.4 | 13.00 | 68.36 | 81.36 | OK | |
| r-devel-linux-x86_64-fedora-gcc | 1.1.4 | 14.00 | 63.77 | 77.77 | OK | |
| r-devel-windows-x86_64 | 1.1.4 | 8.00 | 62.00 | 70.00 | OK | |
| r-patched-linux-x86_64 | 1.1.4 | 7.04 | 43.91 | 50.95 | OK | |
| r-release-linux-x86_64 | 1.1.4 | 5.29 | 44.10 | 49.39 | OK | |
| r-release-macos-arm64 | 1.1.4 | 3.00 | 27.00 | 30.00 | OK | |
| r-release-macos-x86_64 | 1.1.4 | 5.00 | 52.00 | 57.00 | OK | |
| r-release-windows-x86_64 | 1.1.4 | 7.00 | 58.00 | 65.00 | OK | |
| r-oldrel-macos-arm64 | 1.1.4 | 3.00 | 21.00 | 24.00 | OK | |
| r-oldrel-macos-x86_64 | 1.1.4 | 4.00 | 34.00 | 38.00 | OK | |
| r-oldrel-windows-x86_64 | 1.1.4 | 11.00 | 68.00 | 79.00 | OK |
Version: 1.1.4
Check: CRAN incoming feasibility
Result: NOTE
Maintainer: ‘Joseph Kelly <josephkelly@post.harvard.edu>’
No Authors@R field in DESCRIPTION.
Please add one, modifying
Authors@R: c(person(given = "Joseph",
family = "Kelly",
role = c("aut", "cre"),
email = "josephkelly@post.harvard.edu"),
person(given = "Hyungsuk",
family = "Tak",
role = "aut"),
person(given = "Carl",
family = "Morris",
role = "aut"))
as necessary.
Flavors: r-devel-linux-x86_64-debian-clang, r-devel-linux-x86_64-debian-gcc
These binaries (installable software) and packages are in development.
They may not be fully stable and should be used with caution. We make no claims about them.